Last updated on 2025-07-22 09:50:47 CEST.
Flavor | Version | Tinstall | Tcheck | Ttotal | Status | Flags |
---|---|---|---|---|---|---|
r-devel-linux-x86_64-debian-clang | 2.4 | 28.67 | 236.62 | 265.29 | OK | |
r-devel-linux-x86_64-debian-gcc | 2.4 | 18.22 | 166.18 | 184.40 | OK | |
r-devel-linux-x86_64-fedora-clang | 2.4 | 396.82 | OK | |||
r-devel-linux-x86_64-fedora-gcc | 2.4 | 384.67 | OK | |||
r-devel-windows-x86_64 | 2.4 | 28.00 | 204.00 | 232.00 | OK | |
r-patched-linux-x86_64 | 2.4 | 29.93 | 216.17 | 246.10 | OK | |
r-release-linux-x86_64 | 2.4 | 25.44 | 217.23 | 242.67 | OK | |
r-release-macos-arm64 | 2.4 | 5.00 | ERROR | |||
r-release-macos-x86_64 | 2.4 | 6.00 | ERROR | |||
r-release-windows-x86_64 | 2.4 | 28.00 | 202.00 | 230.00 | OK | |
r-oldrel-macos-arm64 | 2.4 | 105.00 | OK | |||
r-oldrel-macos-x86_64 | 2.4 | 163.00 | OK | |||
r-oldrel-windows-x86_64 | 2.4 | 37.00 | 282.00 | 319.00 | OK |
Version: 2.4
Check: package dependencies
Result: ERROR
Package required but not available: ‘microbiome’
See section ‘The DESCRIPTION file’ in the ‘Writing R Extensions’
manual.
Flavors: r-release-macos-arm64, r-release-macos-x86_64