Last updated on 2025-05-10 20:49:55 CEST.
Flavor | Version | Tinstall | Tcheck | Ttotal | Status | Flags |
---|---|---|---|---|---|---|
r-devel-linux-x86_64-debian-clang | 2.4 | 29.92 | 234.00 | 263.92 | OK | |
r-devel-linux-x86_64-debian-gcc | 2.4 | 21.20 | 163.52 | 184.72 | OK | |
r-devel-linux-x86_64-fedora-clang | 2.4 | 429.64 | OK | |||
r-devel-linux-x86_64-fedora-gcc | 2.4 | 413.38 | OK | |||
r-devel-windows-x86_64 | 2.4 | 28.00 | 203.00 | 231.00 | OK | |
r-patched-linux-x86_64 | 2.4 | 26.75 | 219.54 | 246.29 | OK | |
r-release-linux-x86_64 | 2.4 | 28.93 | 216.63 | 245.56 | OK | |
r-release-macos-arm64 | 2.4 | 6.00 | ERROR | |||
r-release-macos-x86_64 | 2.4 | 6.00 | ERROR | |||
r-release-windows-x86_64 | 2.4 | 8.00 | 5.00 | 13.00 | ERROR | |
r-oldrel-macos-arm64 | 2.4 | 105.00 | OK | |||
r-oldrel-macos-x86_64 | 2.4 | 163.00 | OK | |||
r-oldrel-windows-x86_64 | 2.4 | 36.00 | 267.00 | 303.00 | OK |
Version: 2.4
Check: package dependencies
Result: ERROR
Package required but not available: ‘microbiome’
See section ‘The DESCRIPTION file’ in the ‘Writing R Extensions’
manual.
Flavors: r-release-macos-arm64, r-release-macos-x86_64
Version: 2.4
Check: whether package can be installed
Result: ERROR
Installation failed.
Flavor: r-release-windows-x86_64