Last updated on 2025-05-10 20:49:56 CEST.
Flavor | Version | Tinstall | Tcheck | Ttotal | Status | Flags |
---|---|---|---|---|---|---|
r-devel-linux-x86_64-debian-clang | 1.1.0 | 38.30 | 125.98 | 164.28 | NOTE | |
r-devel-linux-x86_64-debian-gcc | 1.1.0 | 27.42 | 93.45 | 120.87 | NOTE | |
r-devel-linux-x86_64-fedora-clang | 1.1.0 | 272.29 | NOTE | |||
r-devel-linux-x86_64-fedora-gcc | 1.1.0 | 283.30 | NOTE | |||
r-devel-windows-x86_64 | 1.1.0 | 47.00 | 148.00 | 195.00 | NOTE | |
r-patched-linux-x86_64 | 1.1.0 | 38.82 | 119.70 | 158.52 | NOTE | |
r-release-linux-x86_64 | 1.1.0 | 38.54 | 121.27 | 159.81 | NOTE | |
r-release-macos-arm64 | 1.1.0 | 115.00 | NOTE | |||
r-release-macos-x86_64 | 1.1.0 | 141.00 | NOTE | |||
r-release-windows-x86_64 | 1.1.0 | 47.00 | 302.00 | 349.00 | NOTE | |
r-oldrel-macos-arm64 | 1.1.0 | 74.00 | NOTE | |||
r-oldrel-macos-x86_64 | 1.1.0 | 110.00 | NOTE | |||
r-oldrel-windows-x86_64 | 1.1.0 | 54.00 | 191.00 | 245.00 | NOTE |
Version: 1.1.0
Check: CRAN incoming feasibility
Result: NOTE
Maintainer: ‘Peter Laurinec <tsreprpackage@gmail.com>’
Package CITATION file contains call(s) to old-style citEntry(). Please
use bibentry() instead.
Flavors: r-devel-linux-x86_64-debian-clang, r-devel-linux-x86_64-debian-gcc
Version: 1.1.0
Check: Rd files
Result: NOTE
checkRd: (-1) repr_dwt.Rd:28: Lost braces; missing escapes or markup?
28 | The final representation has length equal to floor(n / 2^{level}), where n is a length of original time series.
| ^
Flavors: r-devel-linux-x86_64-debian-clang, r-devel-linux-x86_64-debian-gcc, r-devel-linux-x86_64-fedora-clang, r-devel-linux-x86_64-fedora-gcc, r-devel-windows-x86_64, r-patched-linux-x86_64, r-release-linux-x86_64, r-release-macos-arm64, r-release-macos-x86_64, r-release-windows-x86_64, r-oldrel-macos-arm64, r-oldrel-macos-x86_64, r-oldrel-windows-x86_64