Last updated on 2025-05-10 12:49:57 CEST.
Flavor | Version | Tinstall | Tcheck | Ttotal | Status | Flags |
---|---|---|---|---|---|---|
r-devel-linux-x86_64-debian-clang | 2.0 | 54.66 | 52.66 | 107.32 | OK | |
r-devel-linux-x86_64-debian-gcc | 2.0 | 43.38 | 43.93 | 87.31 | OK | |
r-devel-linux-x86_64-fedora-clang | 2.0 | 171.64 | OK | |||
r-devel-linux-x86_64-fedora-gcc | 2.0 | 201.71 | OK | |||
r-devel-windows-x86_64 | 2.0 | 63.00 | 149.00 | 212.00 | OK | |
r-patched-linux-x86_64 | 2.0 | 56.09 | 56.06 | 112.15 | OK | |
r-release-linux-x86_64 | 2.0 | 56.88 | 56.11 | 112.99 | OK | |
r-release-macos-arm64 | 2.0 | 46.00 | OK | |||
r-release-macos-x86_64 | 2.0 | 66.00 | OK | |||
r-release-windows-x86_64 | 2.0 | 61.00 | 258.00 | 319.00 | OK | |
r-oldrel-macos-arm64 | 2.0 | 46.00 | NOTE | |||
r-oldrel-macos-x86_64 | 2.0 | 56.00 | NOTE | |||
r-oldrel-windows-x86_64 | 2.0 | 71.00 | 241.00 | 312.00 | OK |
Version: 2.0
Check: installed package size
Result: NOTE
installed size is 16.8Mb
sub-directories of 1Mb or more:
data 1.2Mb
libs 15.4Mb
Flavors: r-oldrel-macos-arm64, r-oldrel-macos-x86_64