Last updated on 2025-05-10 16:52:45 CEST.
Flavor | Version | Tinstall | Tcheck | Ttotal | Status | Flags |
---|---|---|---|---|---|---|
r-devel-linux-x86_64-debian-clang | 0.1.1 | 7.51 | 63.27 | 70.78 | OK | |
r-devel-linux-x86_64-debian-gcc | 0.1.1 | 5.03 | 47.25 | 52.28 | OK | |
r-devel-linux-x86_64-fedora-clang | 0.1.1 | 107.04 | OK | |||
r-devel-linux-x86_64-fedora-gcc | 0.1.1 | 122.68 | OK | |||
r-devel-windows-x86_64 | 0.1.1 | 11.00 | 150.00 | 161.00 | OK | |
r-patched-linux-x86_64 | 0.1.1 | 8.83 | 60.45 | 69.28 | OK | |
r-release-linux-x86_64 | 0.1.1 | 7.96 | 61.33 | 69.29 | OK | |
r-release-macos-arm64 | 0.1.1 | 35.00 | OK | |||
r-release-macos-x86_64 | 0.1.1 | 73.00 | OK | |||
r-release-windows-x86_64 | 0.1.1 | 10.00 | 229.00 | 239.00 | OK | |
r-oldrel-macos-arm64 | 0.1.1 | 36.00 | NOTE | |||
r-oldrel-macos-x86_64 | 0.1.1 | 59.00 | NOTE | |||
r-oldrel-windows-x86_64 | 0.1.1 | 13.00 | 214.00 | 227.00 | NOTE |
Version: 0.1.1
Check: LazyData
Result: NOTE
'LazyData' is specified without a 'data' directory
Flavors: r-oldrel-macos-arm64, r-oldrel-macos-x86_64, r-oldrel-windows-x86_64