Last updated on 2025-07-22 04:50:17 CEST.
Flavor | Version | Tinstall | Tcheck | Ttotal | Status | Flags |
---|---|---|---|---|---|---|
r-devel-linux-x86_64-debian-clang | 0.2.2 | 1.96 | 28.45 | 30.41 | OK | |
r-devel-linux-x86_64-debian-gcc | 0.2.2 | 1.87 | 23.72 | 25.59 | OK | |
r-devel-linux-x86_64-fedora-clang | 0.2.2 | 65.26 | OK | |||
r-devel-linux-x86_64-fedora-gcc | 0.2.2 | 62.80 | OK | |||
r-devel-windows-x86_64 | 0.2.2 | 5.00 | 71.00 | 76.00 | OK | |
r-patched-linux-x86_64 | 0.2.2 | 2.94 | 26.20 | 29.14 | OK | |
r-release-linux-x86_64 | 0.2.2 | 2.72 | 25.95 | 28.67 | OK | |
r-release-macos-arm64 | 0.2.2 | 28.00 | OK | |||
r-release-macos-x86_64 | 0.2.2 | 44.00 | OK | |||
r-release-windows-x86_64 | 0.2.2 | 4.00 | 52.00 | 56.00 | ERROR | |
r-oldrel-macos-arm64 | 0.2.2 | 32.00 | OK | |||
r-oldrel-macos-x86_64 | 0.2.2 | 58.00 | OK | |||
r-oldrel-windows-x86_64 | 0.2.2 | 5.00 | 77.00 | 82.00 | OK |
Version: 0.2.2
Check: tests
Result: ERROR
Running 'testthat.R' [5s]
Running the tests in 'tests/testthat.R' failed.
Complete output:
> # This file is part of the standard setup for testthat.
> # It is recommended that you do not modify it.
> #
> # Where should you do additional test configuration?
> # Learn more about the roles of various files in:
> # * https://r-pkgs.org/testing-design.html#sec-tests-files-overview
> # * https://testthat.r-lib.org/articles/special-files.html
>
> library("testthat") # nolint unused_import_linter
> library("TBox") # nolint unused_import_linter
>
> test_check("TBox")
processing file: template.Rmd
output file: template.knit.md
"C:/PROGRA~1/Pandoc/pandoc" +RTS -K512m -RTS template.knit.md --to docx --from markdown+autolink_bare_uris+tex_math_single_backslash --output pandoc393455c45023.docx --lua-filter "D:\RCompile\CRANpkg\lib\4.5\rmarkdown\rmarkdown\lua\pagebreak.lua" --highlight-style "D:/RCompile/CRANpkg/lib/4.5/rmarkdown/rmarkdown/highlight/arrow.theme" --reference-doc "D:\RCompile\CRANpkg\lib\4.5\TBox\extdata\template.docx"
Output created: D:/temp/2025_07_21_01_50_00_7890/Rtmpkv1M5X/render_code393425bc3078/output.docx
processing file: template.Rmd
output file: template.knit.md
"C:/PROGRA~1/Pandoc/pandoc" +RTS -K512m -RTS template.knit.md --to docx --from markdown+autolink_bare_uris+tex_math_single_backslash --output pandoc3934434f2f67.docx --lua-filter "D:\RCompile\CRANpkg\lib\4.5\rmarkdown\rmarkdown\lua\pagebreak.lua" --highlight-style "D:/RCompile/CRANpkg/lib/4.5/rmarkdown/rmarkdown/highlight/arrow.theme" --reference-doc "D:\RCompile\CRANpkg\lib\4.5\TBox\extdata\template.docx"
Output created: D:/temp/2025_07_21_01_50_00_7890/Rtmpkv1M5X/render_code393420b21896/output.docx
processing file: template.Rmd
output file: template.knit.md
"C:/PROGRA~1/Pandoc/pandoc" +RTS -K512m -RTS template.knit.md --to docx --from markdown+autolink_bare_uris+tex_math_single_backslash --output pandoc393415446a44.docx --lua-filter "D:\RCompile\CRANpkg\lib\4.5\rmarkdown\rmarkdown\lua\pagebreak.lua" --highlight-style "D:/RCompile/CRANpkg/lib/4.5/rmarkdown/rmarkdown/highlight/arrow.theme" --reference-doc "D:\RCompile\CRANpkg\lib\4.5\TBox\extdata\template.docx"
Output created: D:/temp/2025_07_21_01_50_00_7890/Rtmpkv1M5X/render_code39344347331e/output.docx
processing file: template.Rmd
output file: template.knit.md
"C:/PROGRA~1/Pandoc/pandoc" +RTS -K512m -RTS template.knit.md --to docx --from markdown+autolink_bare_uris+tex_math_single_backslash --output pandoc393446de777b.docx --lua-filter "D:\RCompile\CRANpkg\lib\4.5\rmarkdown\rmarkdown\lua\pagebreak.lua" --highlight-style "D:/RCompile/CRANpkg/lib/4.5/rmarkdown/rmarkdown/highlight/arrow.theme" --reference-doc "D:\RCompile\CRANpkg\lib\4.5\TBox\extdata\template.docx"
Output created: D:/temp/2025_07_21_01_50_00_7890/Rtmpkv1M5X/render_code39344d0514bf/output.docx
processing file: template.Rmd
output file: template.knit.md
"C:/PROGRA~1/Pandoc/pandoc" +RTS -K512m -RTS template.knit.md --to docx --from markdown+autolink_bare_uris+tex_math_single_backslash --output pandoc3934565632b5.docx --lua-filter "D:\RCompile\CRANpkg\lib\4.5\rmarkdown\rmarkdown\lua\pagebreak.lua" --highlight-style "D:/RCompile/CRANpkg/lib/4.5/rmarkdown/rmarkdown/highlight/arrow.theme" --reference-doc "D:\RCompile\CRANpkg\lib\4.5\TBox\extdata\template.docx"
Output created: D:/temp/2025_07_21_01_50_00_7890/Rtmpkv1M5X/render_code39347d0b667b/output.docx
processing file: template.Rmd
output file: template.knit.md
"C:/PROGRA~1/Pandoc/pandoc" +RTS -K512m -RTS template.knit.md --to docx --from markdown+autolink_bare_uris+tex_math_single_backslash --output pandoc39344eea3253.docx --lua-filter "D:\RCompile\CRANpkg\lib\4.5\rmarkdown\rmarkdown\lua\pagebreak.lua" --highlight-style "D:/RCompile/CRANpkg/lib/4.5/rmarkdown/rmarkdown/highlight/arrow.theme" --reference-doc "D:\RCompile\CRANpkg\lib\4.5\TBox\extdata\template.docx"
Output created: D:/temp/2025_07_21_01_50_00_7890/Rtmpkv1M5X/render_code393456fe12ff/output.docx
processing file: template.Rmd
output file: template.knit.md
"C:/PROGRA~1/Pandoc/pandoc" +RTS -K512m -RTS template.knit.md --to html4 --from markdown+autolink_bare_uris+tex_math_single_backslash --output pandoc393452223535.html --lua-filter "D:\RCompile\CRANpkg\lib\4.5\rmarkdown\rmarkdown\lua\pagebreak.lua" --lua-filter "D:\RCompile\CRANpkg\lib\4.5\rmarkdown\rmarkdown\lua\latex-div.lua" --embed-resources --standalone --variable bs3=TRUE --section-divs --template "D:\RCompile\CRANpkg\lib\4.5\rmarkdown\rmd\h\default.html" --highlight-style "D:/RCompile/CRANpkg/lib/4.5/rmarkdown/rmarkdown/highlight/arrow.theme" --variable theme=bootstrap --css "D:/RCompile/CRANpkg/lib/4.5/TBox/extdata/style.css" --mathjax --variable "mathjax-url=https://mathjax.rstudio.com/latest/MathJax.js?config=TeX-AMS-MML_HTMLorMML" --include-in-header "D:\temp\2025_07_21_01_50_00_7890\Rtmpkv1M5X\rmarkdown-str39345c2f7e68.html"
Output created: D:/temp/2025_07_21_01_50_00_7890/Rtmpkv1M5X/render_code393438204361/output.html
[ FAIL 1 | WARN 1 | SKIP 0 | PASS 41 ]
══ Failed tests ════════════════════════════════════════════════════════════════
── Error ('test-render_code.R:103:13'): Output file is correct ─────────────────
Error in `generate_rmd_file(content = content, output_format = output_format,
code = code, ...)`: Assertion on 'content' failed: Must be of type 'character', not 'NULL'.
Backtrace:
▆
1. └─TBox::render_code(output_format = "pdf_document") at test-render_code.R:103:13
2. └─TBox::generate_rmd_file(...)
3. └─checkmate::assert_character(content)
4. └─checkmate::makeAssertion(x, res, .var.name, add)
5. └─checkmate:::mstop(...)
[ FAIL 1 | WARN 1 | SKIP 0 | PASS 41 ]
Error: Test failures
Execution halted
Flavor: r-release-windows-x86_64