Last updated on 2025-05-10 16:52:44 CEST.
Flavor | Version | Tinstall | Tcheck | Ttotal | Status | Flags |
---|---|---|---|---|---|---|
r-devel-linux-x86_64-debian-clang | 1.0.3 | 1.91 | 37.86 | 39.77 | NOTE | |
r-devel-linux-x86_64-debian-gcc | 1.0.3 | 1.50 | 28.84 | 30.34 | NOTE | |
r-devel-linux-x86_64-fedora-clang | 1.0.3 | 61.41 | OK | |||
r-devel-linux-x86_64-fedora-gcc | 1.0.3 | 73.43 | OK | |||
r-devel-windows-x86_64 | 1.0.3 | 3.00 | 55.00 | 58.00 | OK | |
r-patched-linux-x86_64 | 1.0.3 | 1.57 | 35.45 | 37.02 | OK | |
r-release-linux-x86_64 | 1.0.3 | 1.72 | 35.43 | 37.15 | OK | |
r-release-macos-arm64 | 1.0.3 | 39.00 | OK | |||
r-release-macos-x86_64 | 1.0.3 | 58.00 | OK | |||
r-release-windows-x86_64 | 1.0.3 | 4.00 | 55.00 | 59.00 | OK | |
r-oldrel-macos-arm64 | 1.0.3 | 31.00 | OK | |||
r-oldrel-macos-x86_64 | 1.0.3 | 42.00 | OK | |||
r-oldrel-windows-x86_64 | 1.0.3 | 3.00 | 65.00 | 68.00 | OK |
Version: 1.0.3
Check: CRAN incoming feasibility
Result: NOTE
Maintainer: ‘Nanne Aben <nanne.aben@gmail.com>’
No Authors@R field in DESCRIPTION.
Please add one, modifying
Authors@R: person(given = "Nanne",
family = "Aben",
role = c("aut", "cre"),
email = "nanne.aben@gmail.com")
as necessary.
Flavors: r-devel-linux-x86_64-debian-clang, r-devel-linux-x86_64-debian-gcc