Last updated on 2025-05-10 20:49:55 CEST.
Flavor | Version | Tinstall | Tcheck | Ttotal | Status | Flags |
---|---|---|---|---|---|---|
r-devel-linux-x86_64-debian-clang | 4.2.0 | 3.90 | 36.84 | 40.74 | NOTE | |
r-devel-linux-x86_64-debian-gcc | 4.2.0 | 2.72 | 26.73 | 29.45 | NOTE | |
r-devel-linux-x86_64-fedora-clang | 4.2.0 | 62.86 | OK | |||
r-devel-linux-x86_64-fedora-gcc | 4.2.0 | 59.95 | OK | |||
r-devel-windows-x86_64 | 4.2.0 | 6.00 | 72.00 | 78.00 | NOTE | |
r-patched-linux-x86_64 | 4.2.0 | 5.55 | 34.51 | 40.06 | NOTE | |
r-release-linux-x86_64 | 4.2.0 | 3.88 | 34.27 | 38.15 | NOTE | |
r-release-macos-arm64 | 4.2.0 | 21.00 | OK | |||
r-release-macos-x86_64 | 4.2.0 | 42.00 | OK | |||
r-release-windows-x86_64 | 4.2.0 | 7.00 | 76.00 | 83.00 | NOTE | |
r-oldrel-macos-arm64 | 4.2.0 | 19.00 | OK | |||
r-oldrel-macos-x86_64 | 4.2.0 | 34.00 | OK | |||
r-oldrel-windows-x86_64 | 4.2.0 | 6.00 | 79.00 | 85.00 | OK |
Version: 4.2.0
Check: Rd cross-references
Result: NOTE
Found the following Rd file(s) with Rd \link{} targets missing package
anchors:
zoom.Rd: print.trellis, Lattice, xyplot
Please provide package anchors for all Rd \link{} targets not in the
package itself and the base packages.
Flavors: r-devel-linux-x86_64-debian-clang, r-devel-linux-x86_64-debian-gcc, r-devel-windows-x86_64, r-patched-linux-x86_64, r-release-linux-x86_64, r-release-windows-x86_64