Last updated on 2025-05-10 12:49:56 CEST.
Flavor | Version | Tinstall | Tcheck | Ttotal | Status | Flags |
---|---|---|---|---|---|---|
r-devel-linux-x86_64-debian-clang | 0.1.2 | 166.60 | 173.46 | 340.06 | NOTE | |
r-devel-linux-x86_64-debian-gcc | 0.1.2 | 119.66 | 124.45 | 244.11 | NOTE | |
r-devel-linux-x86_64-fedora-clang | 0.1.2 | 634.28 | NOTE | |||
r-devel-linux-x86_64-fedora-gcc | 0.1.2 | 633.33 | NOTE | |||
r-devel-windows-x86_64 | 0.1.2 | 177.00 | 267.00 | 444.00 | NOTE | |
r-patched-linux-x86_64 | 0.1.2 | 152.94 | 164.97 | 317.91 | NOTE | |
r-release-linux-x86_64 | 0.1.2 | 154.79 | 162.48 | 317.27 | NOTE | |
r-release-macos-arm64 | 0.1.2 | 113.00 | NOTE | |||
r-release-macos-x86_64 | 0.1.2 | 180.00 | NOTE | |||
r-release-windows-x86_64 | 0.1.2 | 174.00 | 310.00 | 484.00 | NOTE | |
r-oldrel-macos-arm64 | 0.1.2 | 114.00 | NOTE | |||
r-oldrel-macos-x86_64 | 0.1.2 | 139.00 | NOTE | |||
r-oldrel-windows-x86_64 | 0.1.2 | 212.00 | 245.00 | 457.00 | NOTE |
Version: 0.1.2
Check: C++ specification
Result: NOTE
Specified C++11: please drop specification unless essential
Flavors: r-devel-linux-x86_64-debian-clang, r-devel-linux-x86_64-debian-gcc, r-devel-linux-x86_64-fedora-clang, r-devel-linux-x86_64-fedora-gcc, r-devel-windows-x86_64, r-patched-linux-x86_64, r-release-linux-x86_64, r-release-macos-arm64, r-release-macos-x86_64, r-release-windows-x86_64, r-oldrel-macos-arm64, r-oldrel-macos-x86_64, r-oldrel-windows-x86_64
Version: 0.1.2
Check: installed package size
Result: NOTE
installed size is 11.5Mb
sub-directories of 1Mb or more:
libs 11.0Mb
Flavors: r-oldrel-macos-arm64, r-oldrel-macos-x86_64