Last updated on 2025-07-21 08:50:19 CEST.
Flavor | Version | Tinstall | Tcheck | Ttotal | Status | Flags |
---|---|---|---|---|---|---|
r-devel-linux-x86_64-debian-clang | 1.1.0 | 7.80 | 247.16 | 254.96 | NOTE | |
r-devel-linux-x86_64-debian-gcc | 1.1.0 | 5.99 | 140.71 | 146.70 | NOTE | |
r-devel-linux-x86_64-fedora-clang | 1.1.0 | 396.71 | OK | |||
r-devel-linux-x86_64-fedora-gcc | 1.1.0 | 389.71 | OK | |||
r-devel-windows-x86_64 | 1.1.0 | 11.00 | 285.00 | 296.00 | OK | |
r-patched-linux-x86_64 | 1.1.0 | 9.05 | 234.84 | 243.89 | OK | |
r-release-linux-x86_64 | 1.1.0 | 7.16 | 232.91 | 240.07 | OK | |
r-release-macos-arm64 | 1.1.0 | 95.00 | OK | |||
r-release-macos-x86_64 | 1.1.0 | 212.00 | OK | |||
r-release-windows-x86_64 | 1.1.0 | 9.00 | 214.00 | 223.00 | OK | |
r-oldrel-macos-arm64 | 1.1.0 | 100.00 | NOTE | |||
r-oldrel-macos-x86_64 | 1.1.0 | 190.00 | NOTE | |||
r-oldrel-windows-x86_64 | 1.1.0 | 14.00 | 388.00 | 402.00 | OK |
Version: 1.1.0
Check: CRAN incoming feasibility
Result: NOTE
Maintainer: ‘Melantha Wang <wang.melantha@gmail.com>’
The Description field contains
control" <arXiv:2008.05693>.
Please refer to arXiv e-prints via their arXiv DOI <doi:10.48550/arXiv.YYMM.NNNNN>.
Flavors: r-devel-linux-x86_64-debian-clang, r-devel-linux-x86_64-debian-gcc
Version: 1.1.0
Check: installed package size
Result: NOTE
installed size is 5.0Mb
sub-directories of 1Mb or more:
data 2.9Mb
doc 1.8Mb
Flavors: r-oldrel-macos-arm64, r-oldrel-macos-x86_64