Last updated on 2025-07-16 09:51:33 CEST.
Flavor | Version | Tinstall | Tcheck | Ttotal | Status | Flags |
---|---|---|---|---|---|---|
r-devel-linux-x86_64-debian-clang | 1.0 | 28.89 | 65.19 | 94.08 | OK | |
r-devel-linux-x86_64-debian-gcc | 1.0 | 21.79 | 50.26 | 72.05 | OK | |
r-devel-linux-x86_64-fedora-clang | 1.0 | 152.45 | OK | |||
r-devel-linux-x86_64-fedora-gcc | 1.0 | 151.33 | OK | |||
r-devel-windows-x86_64 | 1.0 | 34.00 | 98.00 | 132.00 | OK | |
r-patched-linux-x86_64 | 1.0 | 32.87 | 64.13 | 97.00 | OK | |
r-release-linux-x86_64 | 1.0 | 31.53 | 65.18 | 96.71 | OK | |
r-release-macos-arm64 | 1.0 | 65.00 | OK | |||
r-release-macos-x86_64 | 1.0 | 100.00 | OK | |||
r-release-windows-x86_64 | 1.0 | 33.00 | 105.00 | 138.00 | OK | |
r-oldrel-macos-arm64 | 1.0 | 48.00 | NOTE | |||
r-oldrel-macos-x86_64 | 1.0 | 83.00 | NOTE | |||
r-oldrel-windows-x86_64 | 1.0 | 43.00 | 120.00 | 163.00 | OK |
Version: 1.0
Check: installed package size
Result: NOTE
installed size is 6.7Mb
sub-directories of 1Mb or more:
libs 6.5Mb
Flavors: r-oldrel-macos-arm64, r-oldrel-macos-x86_64