Last updated on 2025-07-28 12:50:19 CEST.
Flavor | Version | Tinstall | Tcheck | Ttotal | Status | Flags |
---|---|---|---|---|---|---|
r-devel-linux-x86_64-debian-clang | 0.0.1.1 | 31.42 | 189.02 | 220.44 | OK | |
r-devel-linux-x86_64-debian-gcc | 0.0.1.1 | 18.75 | 111.84 | 130.59 | OK | |
r-devel-linux-x86_64-fedora-clang | 0.0.1.1 | 353.06 | OK | |||
r-devel-linux-x86_64-fedora-gcc | 0.0.1.1 | 335.35 | OK | |||
r-devel-windows-x86_64 | 0.0.1.1 | 31.00 | 173.00 | 204.00 | OK | |
r-patched-linux-x86_64 | 0.0.1.1 | 27.72 | 178.10 | 205.82 | OK | |
r-release-linux-x86_64 | 0.0.1.1 | 28.99 | 177.14 | 206.13 | OK | |
r-release-macos-arm64 | 0.0.1.1 | 11.00 | ERROR | |||
r-release-macos-x86_64 | 0.0.1.1 | 15.00 | ERROR | |||
r-release-windows-x86_64 | 0.0.1.1 | 30.00 | 165.00 | 195.00 | OK | |
r-oldrel-macos-arm64 | 0.0.1.1 | 14.00 | ERROR | |||
r-oldrel-macos-x86_64 | 0.0.1.1 | 20.00 | ERROR | |||
r-oldrel-windows-x86_64 | 0.0.1.1 | 42.00 | 229.00 | 271.00 | NOTE |
Version: 0.0.1.1
Check: whether package can be installed
Result: ERROR
Installation failed.
Flavors: r-release-macos-arm64, r-release-macos-x86_64, r-oldrel-macos-arm64, r-oldrel-macos-x86_64
Version: 0.0.1.1
Check: installed package size
Result: NOTE
installed size is 5.4Mb
sub-directories of 1Mb or more:
tinytest 4.1Mb
Flavor: r-oldrel-windows-x86_64