Last updated on 2025-05-10 20:49:55 CEST.
Flavor | Version | Tinstall | Tcheck | Ttotal | Status | Flags |
---|---|---|---|---|---|---|
r-devel-linux-x86_64-debian-clang | 0.2.0 | 17.47 | 350.57 | 368.04 | NOTE | |
r-devel-linux-x86_64-debian-gcc | 0.2.0 | 12.06 | 238.92 | 250.98 | NOTE | |
r-devel-linux-x86_64-fedora-clang | 0.2.0 | 626.90 | NOTE | |||
r-devel-linux-x86_64-fedora-gcc | 0.2.0 | 644.32 | NOTE | |||
r-devel-windows-x86_64 | 0.2.0 | 17.00 | 405.00 | 422.00 | NOTE | |
r-patched-linux-x86_64 | 0.2.0 | 17.37 | 336.97 | 354.34 | NOTE | |
r-release-linux-x86_64 | 0.2.0 | 14.86 | 335.82 | 350.68 | NOTE | |
r-release-macos-arm64 | 0.2.0 | 157.00 | OK | |||
r-release-macos-x86_64 | 0.2.0 | 341.00 | OK | |||
r-release-windows-x86_64 | 0.2.0 | 18.00 | 589.00 | 607.00 | NOTE | |
r-oldrel-macos-arm64 | 0.2.0 | 149.00 | OK | |||
r-oldrel-macos-x86_64 | 0.2.0 | 229.00 | OK | |||
r-oldrel-windows-x86_64 | 0.2.0 | 24.00 | 726.00 | 750.00 | OK |
Version: 0.2.0
Check: CRAN incoming feasibility
Result: NOTE
Maintainer: ‘Aaron Caldwell <arcaldwell49@gmail.com>’
Package CITATION file contains call(s) to old-style citEntry(). Please
use bibentry() instead.
Flavors: r-devel-linux-x86_64-debian-clang, r-devel-linux-x86_64-debian-gcc
Version: 0.2.0
Check: Rd cross-references
Result: NOTE
Found the following Rd file(s) with Rd \link{} targets missing package
anchors:
ANOVA_exact.Rd: aov_car, emmeans
emmeans_power.Rd: aov_car, emmeans
Please provide package anchors for all Rd \link{} targets not in the
package itself and the base packages.
Flavors: r-devel-linux-x86_64-debian-clang, r-devel-linux-x86_64-debian-gcc, r-devel-windows-x86_64, r-patched-linux-x86_64, r-release-linux-x86_64, r-release-windows-x86_64
Version: 0.2.0
Check: dependencies in R code
Result: NOTE
Namespaces in Imports field not imported from:
‘gridExtra’ ‘mvtnorm’
All declared Imports should be used.
Flavors: r-devel-linux-x86_64-fedora-clang, r-devel-linux-x86_64-fedora-gcc