Last updated on 2025-05-10 16:52:43 CEST.
Flavor | Version | Tinstall | Tcheck | Ttotal | Status | Flags |
---|---|---|---|---|---|---|
r-devel-linux-x86_64-debian-clang | 4.0.5 | 48.48 | 32.41 | 80.89 | NOTE | |
r-devel-linux-x86_64-debian-gcc | 4.0.5 | 25.86 | 23.86 | 49.72 | NOTE | |
r-devel-linux-x86_64-fedora-clang | 4.0.5 | 125.13 | OK | |||
r-devel-linux-x86_64-fedora-gcc | 4.0.5 | 127.89 | OK | |||
r-devel-windows-x86_64 | 4.0.5 | 42.00 | 72.00 | 114.00 | OK | |
r-patched-linux-x86_64 | 4.0.5 | 37.71 | 30.57 | 68.28 | OK | |
r-release-linux-x86_64 | 4.0.5 | 34.63 | 30.53 | 65.16 | OK | |
r-release-macos-arm64 | 4.0.5 | 39.00 | OK | |||
r-release-macos-x86_64 | 4.0.5 | 77.00 | OK | |||
r-release-windows-x86_64 | 4.0.5 | 40.00 | 76.00 | 116.00 | OK | |
r-oldrel-macos-arm64 | 4.0.5 | 38.00 | OK | |||
r-oldrel-macos-x86_64 | 4.0.5 | 57.00 | OK | |||
r-oldrel-windows-x86_64 | 4.0.5 | 50.00 | 86.00 | 136.00 | OK |
Version: 4.0.5
Check: CRAN incoming feasibility
Result: NOTE
Maintainer: ‘Andrew Chapple <achapp@lsuhsc.edu>’
No Authors@R field in DESCRIPTION.
Please add one, modifying
Authors@R: person(given = "Andrew",
family = "Chapple",
role = c("aut", "cre"),
email = "achapp@lsuhsc.edu")
as necessary.
Flavors: r-devel-linux-x86_64-debian-clang, r-devel-linux-x86_64-debian-gcc