Last updated on 2024-05-19 12:54:01 CEST.
Flavor | Version | Tinstall | Tcheck | Ttotal | Status | Flags |
---|---|---|---|---|---|---|
r-devel-linux-x86_64-debian-clang | 0.2.2 | 13.19 | 88.07 | 101.26 | NOTE | |
r-devel-linux-x86_64-debian-gcc | 0.2.2 | 8.29 | 66.94 | 75.23 | NOTE | |
r-devel-linux-x86_64-fedora-clang | 0.2.2 | 123.51 | NOTE | |||
r-devel-linux-x86_64-fedora-gcc | 0.2.2 | 171.28 | NOTE | |||
r-devel-windows-x86_64 | 0.2.2 | 10.00 | 77.00 | 87.00 | NOTE | |
r-patched-linux-x86_64 | 0.2.2 | 10.59 | 86.07 | 96.66 | NOTE | |
r-release-linux-x86_64 | 0.2.2 | 9.60 | 84.89 | 94.49 | NOTE | |
r-release-macos-arm64 | 0.2.2 | 36.00 | NOTE | |||
r-release-windows-x86_64 | 0.2.2 | 11.00 | 77.00 | 88.00 | NOTE | |
r-oldrel-macos-arm64 | 0.2.2 | 39.00 | NOTE | |||
r-oldrel-macos-x86_64 | 0.2.2 | 66.00 | NOTE | |||
r-oldrel-windows-x86_64 | 0.2.2 | 13.00 | 94.00 | 107.00 | NOTE |
Version: 0.2.2
Check: LazyData
Result: NOTE
'LazyData' is specified without a 'data' directory
Flavors: r-devel-linux-x86_64-debian-clang, r-devel-linux-x86_64-debian-gcc, r-devel-linux-x86_64-fedora-clang, r-devel-linux-x86_64-fedora-gcc, r-devel-windows-x86_64, r-patched-linux-x86_64, r-release-linux-x86_64, r-release-macos-arm64, r-release-windows-x86_64, r-oldrel-macos-arm64, r-oldrel-macos-x86_64, r-oldrel-windows-x86_64