Last updated on 2025-11-06 11:49:58 CET.
| Flavor | Version | Tinstall | Tcheck | Ttotal | Status | Flags |
|---|---|---|---|---|---|---|
| r-devel-linux-x86_64-debian-clang | 1.0.0 | 13.04 | 123.16 | 136.20 | NOTE | |
| r-devel-linux-x86_64-debian-gcc | 1.0.0 | 9.71 | 90.36 | 100.07 | NOTE | |
| r-devel-linux-x86_64-fedora-clang | 1.0.0 | 29.00 | 170.14 | 199.14 | NOTE | |
| r-devel-linux-x86_64-fedora-gcc | 1.0.0 | 27.00 | 179.71 | 206.71 | NOTE | |
| r-devel-windows-x86_64 | 1.0.0 | 15.00 | 126.00 | 141.00 | NOTE | |
| r-patched-linux-x86_64 | 1.0.0 | 13.11 | 116.71 | 129.82 | NOTE | |
| r-release-linux-x86_64 | 1.0.0 | 11.81 | 115.52 | 127.33 | NOTE | |
| r-release-macos-arm64 | 1.0.0 | 6.00 | 58.00 | 64.00 | NOTE | |
| r-release-macos-x86_64 | 1.0.0 | 12.00 | 117.00 | 129.00 | NOTE | |
| r-release-windows-x86_64 | 1.0.0 | 14.00 | 123.00 | 137.00 | NOTE | |
| r-oldrel-macos-arm64 | 1.0.0 | 5.00 | 58.00 | 63.00 | OK | |
| r-oldrel-macos-x86_64 | 1.0.0 | 9.00 | 89.00 | 98.00 | OK | |
| r-oldrel-windows-x86_64 | 1.0.0 | 18.00 | 158.00 | 176.00 | OK |
Version: 1.0.0
Check: DESCRIPTION meta-information
Result: NOTE
Missing dependency on R >= 4.1.0 because package code uses the pipe
|> or function shorthand \(...) syntax added in R 4.1.0.
File(s) using such syntax:
‘Functions.R’
Flavors: r-devel-linux-x86_64-debian-clang, r-devel-linux-x86_64-debian-gcc, r-devel-linux-x86_64-fedora-clang, r-devel-linux-x86_64-fedora-gcc, r-devel-windows-x86_64, r-patched-linux-x86_64, r-release-linux-x86_64, r-release-macos-arm64, r-release-macos-x86_64, r-release-windows-x86_64