Last updated on 2024-05-19 12:54:00 CEST.
Flavor | Version | Tinstall | Tcheck | Ttotal | Status | Flags |
---|---|---|---|---|---|---|
r-devel-linux-x86_64-debian-clang | 2.32.7 | 42.92 | 719.71 | 762.63 | NOTE | |
r-devel-linux-x86_64-debian-gcc | 2.32.7 | 34.33 | 547.88 | 582.21 | NOTE | |
r-devel-linux-x86_64-fedora-clang | 2.32.7 | 841.73 | NOTE | |||
r-devel-linux-x86_64-fedora-gcc | 2.32.7 | 1050.80 | NOTE | |||
r-devel-windows-x86_64 | 2.32.7 | 65.00 | 672.00 | 737.00 | NOTE | |
r-patched-linux-x86_64 | 2.32.7 | 46.98 | 777.41 | 824.39 | NOTE | |
r-release-linux-x86_64 | 2.32.7 | 45.30 | 770.43 | 815.73 | NOTE | |
r-release-macos-arm64 | 2.32.7 | 201.00 | NOTE | |||
r-release-macos-x86_64 | 2.32.7 | 621.00 | NOTE | |||
r-release-windows-x86_64 | 2.32.7 | 66.00 | 581.00 | 647.00 | NOTE | |
r-oldrel-macos-arm64 | 2.32.7 | 192.00 | NOTE | |||
r-oldrel-macos-x86_64 | 2.32.7 | 518.00 | NOTE | |||
r-oldrel-windows-x86_64 | 2.32.7 | 73.00 | 778.00 | 851.00 | NOTE |
Version: 2.32.7
Check: for GNU extensions in Makefiles
Result: NOTE
GNU make is a SystemRequirements.
Flavors: r-devel-linux-x86_64-debian-clang, r-devel-linux-x86_64-debian-gcc, r-devel-linux-x86_64-fedora-clang, r-devel-linux-x86_64-fedora-gcc, r-devel-windows-x86_64, r-patched-linux-x86_64, r-release-linux-x86_64, r-release-macos-arm64, r-release-macos-x86_64, r-release-windows-x86_64, r-oldrel-macos-arm64, r-oldrel-macos-x86_64, r-oldrel-windows-x86_64
Version: 2.32.7
Check: installed package size
Result: NOTE
installed size is 15.4Mb
sub-directories of 1Mb or more:
include 12.0Mb
lib 1.4Mb
Flavors: r-devel-linux-x86_64-fedora-clang, r-devel-windows-x86_64, r-release-macos-arm64, r-release-macos-x86_64, r-release-windows-x86_64, r-oldrel-macos-arm64, r-oldrel-macos-x86_64, r-oldrel-windows-x86_64