Last updated on 2025-07-15 12:49:34 CEST.
Flavor | Version | Tinstall | Tcheck | Ttotal | Status | Flags |
---|---|---|---|---|---|---|
r-devel-linux-x86_64-debian-clang | 1.0.6 | 75.59 | 29.95 | 105.54 | OK | |
r-devel-linux-x86_64-debian-gcc | 1.0.6 | 51.71 | 23.92 | 75.63 | OK | |
r-devel-linux-x86_64-fedora-clang | 1.0.6 | 201.90 | OK | |||
r-devel-linux-x86_64-fedora-gcc | 1.0.6 | 179.52 | OK | |||
r-devel-windows-x86_64 | 1.0.6 | 88.00 | 70.00 | 158.00 | OK | |
r-patched-linux-x86_64 | 1.0.6 | 77.28 | 27.17 | 104.45 | OK | |
r-release-linux-x86_64 | 1.0.6 | 73.29 | 27.11 | 100.40 | OK | |
r-release-macos-arm64 | 1.0.6 | 50.00 | OK | |||
r-release-macos-x86_64 | 1.0.6 | 78.00 | OK | |||
r-release-windows-x86_64 | 1.0.6 | 89.00 | 64.00 | 153.00 | OK | |
r-oldrel-macos-arm64 | 1.0.6 | 55.00 | NOTE | |||
r-oldrel-macos-x86_64 | 1.0.6 | 73.00 | NOTE | |||
r-oldrel-windows-x86_64 | 1.0.6 | 106.00 | 83.00 | 189.00 | OK |
Version: 1.0.6
Check: installed package size
Result: NOTE
installed size is 5.2Mb
sub-directories of 1Mb or more:
libs 5.0Mb
Flavors: r-oldrel-macos-arm64, r-oldrel-macos-x86_64