Last updated on 2025-05-10 16:52:42 CEST.
Flavor | Version | Tinstall | Tcheck | Ttotal | Status | Flags |
---|---|---|---|---|---|---|
r-devel-linux-x86_64-debian-clang | 1.1 | 13.72 | 138.74 | 152.46 | NOTE | |
r-devel-linux-x86_64-debian-gcc | 1.1 | 10.80 | 97.83 | 108.63 | NOTE | |
r-devel-linux-x86_64-fedora-clang | 1.1 | 255.89 | OK | |||
r-devel-linux-x86_64-fedora-gcc | 1.1 | 251.00 | OK | |||
r-devel-windows-x86_64 | 1.1 | 17.00 | 132.00 | 149.00 | OK | |
r-patched-linux-x86_64 | 1.1 | 15.28 | 130.45 | 145.73 | OK | |
r-release-linux-x86_64 | 1.1 | 14.07 | 130.78 | 144.85 | OK | |
r-release-macos-arm64 | 1.1 | 83.00 | OK | |||
r-release-macos-x86_64 | 1.1 | 154.00 | OK | |||
r-release-windows-x86_64 | 1.1 | 17.00 | 134.00 | 151.00 | OK | |
r-oldrel-macos-arm64 | 1.1 | 68.00 | OK | |||
r-oldrel-macos-x86_64 | 1.1 | 107.00 | OK | |||
r-oldrel-windows-x86_64 | 1.1 | 23.00 | 174.00 | 197.00 | OK |
Version: 1.1
Check: CRAN incoming feasibility
Result: NOTE
Maintainer: ‘Francesco Vidoli <fvidoli@gmail.com>’
No Authors@R field in DESCRIPTION.
Please add one, modifying
Authors@R: c(person(given = "Francesco",
family = "Vidoli",
role = c("aut", "cre"),
email = "fvidoli@gmail.com"),
person(given = "Roberto",
family = "Benedetti",
role = "aut"))
as necessary.
Flavors: r-devel-linux-x86_64-debian-clang, r-devel-linux-x86_64-debian-gcc