Last updated on 2025-05-10 16:52:42 CEST.
Flavor | Version | Tinstall | Tcheck | Ttotal | Status | Flags |
---|---|---|---|---|---|---|
r-devel-linux-x86_64-debian-clang | 1.0.1 | 139.20 | 72.89 | 212.09 | OK | |
r-devel-linux-x86_64-debian-gcc | 1.0.1 | 130.75 | 53.84 | 184.59 | OK | |
r-devel-linux-x86_64-fedora-clang | 1.0.1 | 312.88 | OK | |||
r-devel-linux-x86_64-fedora-gcc | 1.0.1 | 531.86 | OK | |||
r-devel-windows-x86_64 | 1.0.1 | 150.00 | 120.00 | 270.00 | OK | |
r-patched-linux-x86_64 | 1.0.1 | 183.47 | 72.06 | 255.53 | OK | |
r-release-linux-x86_64 | 1.0.1 | 188.80 | 72.04 | 260.84 | OK | |
r-release-macos-arm64 | 1.0.1 | 126.00 | OK | |||
r-release-macos-x86_64 | 1.0.1 | 248.00 | OK | |||
r-release-windows-x86_64 | 1.0.1 | 145.00 | 119.00 | 264.00 | OK | |
r-oldrel-macos-arm64 | 1.0.1 | 119.00 | NOTE | |||
r-oldrel-macos-x86_64 | 1.0.1 | 317.00 | NOTE | |||
r-oldrel-windows-x86_64 | 1.0.1 | 187.00 | 147.00 | 334.00 | NOTE |
Version: 1.0.1
Check: package dependencies
Result: NOTE
Package suggested but not available for checking: ‘INLA’
Flavors: r-oldrel-macos-arm64, r-oldrel-macos-x86_64
Version: 1.0.1
Check: installed package size
Result: NOTE
installed size is 95.1Mb
sub-directories of 1Mb or more:
libs 94.2Mb
Flavors: r-oldrel-macos-arm64, r-oldrel-macos-x86_64, r-oldrel-windows-x86_64