Last updated on 2025-05-10 16:52:42 CEST.
Flavor | Version | Tinstall | Tcheck | Ttotal | Status | Flags |
---|---|---|---|---|---|---|
r-devel-linux-x86_64-debian-clang | 0.0.1 | 5.46 | 72.83 | 78.29 | NOTE | |
r-devel-linux-x86_64-debian-gcc | 0.0.1 | 3.12 | 50.88 | 54.00 | NOTE | |
r-devel-linux-x86_64-fedora-clang | 0.0.1 | 126.91 | NOTE | |||
r-devel-linux-x86_64-fedora-gcc | 0.0.1 | 120.78 | NOTE | |||
r-devel-windows-x86_64 | 0.0.1 | 7.00 | 86.00 | 93.00 | NOTE | |
r-patched-linux-x86_64 | 0.0.1 | 5.29 | 70.64 | 75.93 | NOTE | |
r-release-linux-x86_64 | 0.0.1 | 5.48 | 66.98 | 72.46 | NOTE | |
r-release-macos-arm64 | 0.0.1 | 46.00 | NOTE | |||
r-release-macos-x86_64 | 0.0.1 | 76.00 | NOTE | |||
r-release-windows-x86_64 | 0.0.1 | 8.00 | 89.00 | 97.00 | NOTE | |
r-oldrel-macos-arm64 | 0.0.1 | 50.00 | OK | |||
r-oldrel-macos-x86_64 | 0.0.1 | 97.00 | OK | |||
r-oldrel-windows-x86_64 | 0.0.1 | 9.00 | 109.00 | 118.00 | OK |
Version: 0.0.1
Check: DESCRIPTION meta-information
Result: NOTE
Missing dependency on R >= 4.1.0 because package code uses the pipe
|> or function shorthand \(...) syntax added in R 4.1.0.
File(s) using such syntax:
‘sim_functional_process.R’
Flavors: r-devel-linux-x86_64-debian-clang, r-devel-linux-x86_64-debian-gcc, r-devel-linux-x86_64-fedora-clang, r-devel-linux-x86_64-fedora-gcc, r-devel-windows-x86_64, r-patched-linux-x86_64, r-release-linux-x86_64, r-release-macos-arm64, r-release-macos-x86_64, r-release-windows-x86_64