Last updated on 2025-05-10 12:49:55 CEST.
Flavor | Version | Tinstall | Tcheck | Ttotal | Status | Flags |
---|---|---|---|---|---|---|
r-devel-linux-x86_64-debian-clang | 0.99.5 | 3.82 | 79.52 | 83.34 | NOTE | |
r-devel-linux-x86_64-debian-gcc | 0.99.5 | 2.78 | 67.19 | 69.97 | NOTE | |
r-devel-linux-x86_64-fedora-clang | 0.99.5 | 132.90 | NOTE | |||
r-devel-linux-x86_64-fedora-gcc | 0.99.5 | 159.34 | NOTE | |||
r-devel-windows-x86_64 | 0.99.5 | 5.00 | 141.00 | 146.00 | NOTE | |
r-patched-linux-x86_64 | 0.99.5 | 4.85 | 78.21 | 83.06 | NOTE | |
r-release-linux-x86_64 | 0.99.5 | 4.11 | 78.28 | 82.39 | NOTE | |
r-release-macos-arm64 | 0.99.5 | 71.00 | NOTE | |||
r-release-macos-x86_64 | 0.99.5 | 179.00 | NOTE | |||
r-release-windows-x86_64 | 0.99.5 | 5.00 | 143.00 | 148.00 | NOTE | |
r-oldrel-macos-arm64 | 0.99.5 | 58.00 | NOTE | |||
r-oldrel-macos-x86_64 | 0.99.5 | 176.00 | NOTE | |||
r-oldrel-windows-x86_64 | 0.99.5 | 7.00 | 156.00 | 163.00 | NOTE |
Version: 0.99.5
Check: Rd files
Result: NOTE
checkRd: (-1) mu_calc.Rd:32: Lost braces; missing escapes or markup?
32 | mu_{d} | mu_{d} < mu_{d-1} and mu_{d} | mu_{d} > mu_{d-1} respecitively.
| ^
checkRd: (-1) mu_calc.Rd:32: Lost braces; missing escapes or markup?
32 | mu_{d} | mu_{d} < mu_{d-1} and mu_{d} | mu_{d} > mu_{d-1} respecitively.
| ^
checkRd: (-1) mu_calc.Rd:32: Lost braces; missing escapes or markup?
32 | mu_{d} | mu_{d} < mu_{d-1} and mu_{d} | mu_{d} > mu_{d-1} respecitively.
| ^
checkRd: (-1) mu_calc.Rd:32: Lost braces; missing escapes or markup?
32 | mu_{d} | mu_{d} < mu_{d-1} and mu_{d} | mu_{d} > mu_{d-1} respecitively.
| ^
checkRd: (-1) mu_calc.Rd:32: Lost braces; missing escapes or markup?
32 | mu_{d} | mu_{d} < mu_{d-1} and mu_{d} | mu_{d} > mu_{d-1} respecitively.
| ^
checkRd: (-1) mu_calc.Rd:32: Lost braces; missing escapes or markup?
32 | mu_{d} | mu_{d} < mu_{d-1} and mu_{d} | mu_{d} > mu_{d-1} respecitively.
| ^
Flavors: r-devel-linux-x86_64-debian-clang, r-devel-linux-x86_64-debian-gcc, r-devel-linux-x86_64-fedora-clang, r-devel-linux-x86_64-fedora-gcc, r-devel-windows-x86_64, r-patched-linux-x86_64, r-release-linux-x86_64, r-release-macos-arm64, r-release-macos-x86_64, r-release-windows-x86_64, r-oldrel-macos-arm64, r-oldrel-macos-x86_64, r-oldrel-windows-x86_64