Last updated on 2024-05-11 08:48:48 CEST.
Flavor | Version | Tinstall | Tcheck | Ttotal | Status | Flags |
---|---|---|---|---|---|---|
r-devel-linux-x86_64-debian-clang | 0.8.2 | 2.41 | 59.56 | 61.97 | NOTE | |
r-devel-linux-x86_64-debian-gcc | 0.8.2 | 2.32 | 39.40 | 41.72 | NOTE | |
r-devel-linux-x86_64-fedora-clang | 0.8.2 | 73.49 | NOTE | |||
r-devel-linux-x86_64-fedora-gcc | 0.8.2 | 85.66 | NOTE | |||
r-devel-windows-x86_64 | 0.8.2 | 3.00 | 75.00 | 78.00 | NOTE | |
r-patched-linux-x86_64 | 0.8.2 | 2.37 | 53.80 | 56.17 | NOTE | |
r-release-linux-x86_64 | 0.8.2 | 2.66 | 54.68 | 57.34 | NOTE | |
r-release-macos-arm64 | 0.8.2 | 30.00 | NOTE | |||
r-release-windows-x86_64 | 0.8.2 | 3.00 | 73.00 | 76.00 | NOTE | |
r-oldrel-macos-arm64 | 0.8.2 | 35.00 | NOTE | |||
r-oldrel-macos-x86_64 | 0.8.2 | 55.00 | NOTE | |||
r-oldrel-windows-x86_64 | 0.8.2 | 5.00 | 70.00 | 75.00 | NOTE |
Version: 0.8.2
Check: DESCRIPTION meta-information
Result: NOTE
Malformed Description field: should contain one or more complete sentences.
Flavors: r-devel-linux-x86_64-debian-clang, r-devel-linux-x86_64-debian-gcc, r-devel-linux-x86_64-fedora-clang, r-devel-linux-x86_64-fedora-gcc, r-devel-windows-x86_64, r-patched-linux-x86_64, r-release-linux-x86_64, r-release-macos-arm64, r-release-windows-x86_64, r-oldrel-macos-arm64, r-oldrel-macos-x86_64, r-oldrel-windows-x86_64