CRAN Package Check Results for Package SimSurvey

Last updated on 2025-05-10 16:52:42 CEST.

Flavor Version Tinstall Tcheck Ttotal Status Flags
r-devel-linux-x86_64-debian-clang 0.1.6 12.26 94.78 107.04 NOTE
r-devel-linux-x86_64-debian-gcc 0.1.6 8.30 67.19 75.49 NOTE
r-devel-linux-x86_64-fedora-clang 0.1.6 155.04 OK
r-devel-linux-x86_64-fedora-gcc 0.1.6 172.51 OK
r-devel-windows-x86_64 0.1.6 13.00 102.00 115.00 NOTE
r-patched-linux-x86_64 0.1.6 10.45 87.60 98.05 NOTE
r-release-linux-x86_64 0.1.6 10.88 89.36 100.24 NOTE
r-release-macos-arm64 0.1.6 56.00 OK
r-release-macos-x86_64 0.1.6 101.00 OK
r-release-windows-x86_64 0.1.6 14.00 102.00 116.00 NOTE
r-oldrel-macos-arm64 0.1.6 51.00 NOTE
r-oldrel-macos-x86_64 0.1.6 75.00 NOTE
r-oldrel-windows-x86_64 0.1.6 18.00 129.00 147.00 OK

Check Details

Version: 0.1.6
Check: Rd cross-references
Result: NOTE Found the following Rd file(s) with Rd \link{} targets missing package anchors: land.Rd: getData Please provide package anchors for all Rd \link{} targets not in the package itself and the base packages. Flavors: r-devel-linux-x86_64-debian-clang, r-devel-linux-x86_64-debian-gcc, r-devel-windows-x86_64, r-patched-linux-x86_64, r-release-linux-x86_64, r-release-windows-x86_64

Version: 0.1.6
Check: package dependencies
Result: NOTE Package suggested but not available for checking: ‘INLA’ Flavors: r-oldrel-macos-arm64, r-oldrel-macos-x86_64