CRAN Package Check Results for Package ShrinkageTrees

Last updated on 2025-07-28 12:50:17 CEST.

Flavor Version Tinstall Tcheck Ttotal Status Flags
r-devel-linux-x86_64-debian-clang 1.0.0 60.12 39.89 100.01 OK
r-devel-linux-x86_64-debian-gcc 1.0.0 43.04 31.07 74.11 OK
r-devel-linux-x86_64-fedora-clang 1.0.0 192.71 OK
r-devel-linux-x86_64-fedora-gcc 1.0.0 175.80 OK
r-devel-windows-x86_64 1.0.0 70.00 77.00 147.00 OK
r-patched-linux-x86_64 1.0.0 60.21 36.89 97.10 OK
r-release-linux-x86_64 1.0.0 61.18 36.79 97.97 OK
r-release-macos-arm64 1.0.0 44.00 OK
r-release-macos-x86_64 1.0.0 73.00 OK
r-release-windows-x86_64 1.0.0 68.00 77.00 145.00 OK
r-oldrel-macos-arm64 1.0.0 48.00 NOTE
r-oldrel-macos-x86_64 1.0.0 68.00 NOTE
r-oldrel-windows-x86_64 1.0.0 68.00 94.00 162.00 OK

Check Details

Version: 1.0.0
Check: installed package size
Result: NOTE installed size is 5.3Mb sub-directories of 1Mb or more: data 2.4Mb libs 2.7Mb Flavors: r-oldrel-macos-arm64, r-oldrel-macos-x86_64