CRAN Package Check Results for Package ShinyTester

Last updated on 2025-05-10 08:50:51 CEST.

Flavor Version Tinstall Tcheck Ttotal Status Flags
r-devel-linux-x86_64-debian-clang 0.1.0 5.40 36.68 42.08 NOTE
r-devel-linux-x86_64-debian-gcc 0.1.0 3.25 27.10 30.35 NOTE
r-devel-linux-x86_64-fedora-clang 0.1.0 67.48 OK
r-devel-linux-x86_64-fedora-gcc 0.1.0 61.99 OK
r-devel-windows-x86_64 0.1.0 6.00 53.00 59.00 OK
r-patched-linux-x86_64 0.1.0 5.03 34.89 39.92 OK
r-release-linux-x86_64 0.1.0 4.99 35.16 40.15 OK
r-release-macos-arm64 0.1.0 25.00 OK
r-release-macos-x86_64 0.1.0 37.00 OK
r-release-windows-x86_64 0.1.0 7.00 53.00 60.00 OK
r-oldrel-macos-arm64 0.1.0 23.00 NOTE
r-oldrel-macos-x86_64 0.1.0 33.00 NOTE
r-oldrel-windows-x86_64 0.1.0 8.00 63.00 71.00 NOTE

Check Details

Version: 0.1.0
Check: CRAN incoming feasibility
Result: NOTE Maintainer: ‘Amit Kohli <amit@amitkohli.com>’ No Authors@R field in DESCRIPTION. Please add one, modifying Authors@R: person(given = "Amit", family = "Kohli", role = c("aut", "cre"), email = "amit@amitkohli.com") as necessary. Flavors: r-devel-linux-x86_64-debian-clang, r-devel-linux-x86_64-debian-gcc

Version: 0.1.0
Check: LazyData
Result: NOTE 'LazyData' is specified without a 'data' directory Flavors: r-oldrel-macos-arm64, r-oldrel-macos-x86_64, r-oldrel-windows-x86_64