Last updated on 2024-05-19 12:53:59 CEST.
Flavor | Version | Tinstall | Tcheck | Ttotal | Status | Flags |
---|---|---|---|---|---|---|
r-devel-linux-x86_64-debian-clang | 1.0.0 | 6.76 | 23.22 | 29.98 | NOTE | |
r-devel-linux-x86_64-debian-gcc | 1.0.0 | 5.52 | 18.10 | 23.62 | NOTE | |
r-devel-linux-x86_64-fedora-clang | 1.0.0 | 37.10 | NOTE | |||
r-devel-linux-x86_64-fedora-gcc | 1.0.0 | 42.17 | NOTE | |||
r-devel-windows-x86_64 | 1.0.0 | 9.00 | 38.00 | 47.00 | NOTE | |
r-patched-linux-x86_64 | 1.0.0 | 7.00 | 22.91 | 29.91 | NOTE | |
r-release-linux-x86_64 | 1.0.0 | 7.37 | 22.74 | 30.11 | NOTE | |
r-release-macos-arm64 | 1.0.0 | 15.00 | NOTE | |||
r-release-windows-x86_64 | 1.0.0 | 9.00 | 38.00 | 47.00 | NOTE | |
r-oldrel-macos-arm64 | 1.0.0 | 19.00 | NOTE | |||
r-oldrel-macos-x86_64 | 1.0.0 | 22.00 | NOTE | |||
r-oldrel-windows-x86_64 | 1.0.0 | 12.00 | 37.00 | 49.00 | NOTE |
Version: 1.0.0
Check: LazyData
Result: NOTE
'LazyData' is specified without a 'data' directory
Flavors: r-devel-linux-x86_64-debian-clang, r-devel-linux-x86_64-debian-gcc, r-devel-linux-x86_64-fedora-clang, r-devel-linux-x86_64-fedora-gcc, r-devel-windows-x86_64, r-patched-linux-x86_64, r-release-linux-x86_64, r-release-macos-arm64, r-release-windows-x86_64, r-oldrel-macos-arm64, r-oldrel-macos-x86_64, r-oldrel-windows-x86_64