Last updated on 2025-05-10 16:52:43 CEST.
Flavor | Version | Tinstall | Tcheck | Ttotal | Status | Flags |
---|---|---|---|---|---|---|
r-devel-linux-x86_64-debian-clang | 1.1.2 | 7.24 | 114.38 | 121.62 | NOTE | |
r-devel-linux-x86_64-debian-gcc | 1.1.2 | 5.67 | 71.23 | 76.90 | NOTE | |
r-devel-linux-x86_64-fedora-clang | 1.1.2 | 186.33 | OK | |||
r-devel-linux-x86_64-fedora-gcc | 1.1.2 | 198.43 | OK | |||
r-devel-windows-x86_64 | 1.1.2 | 9.00 | 114.00 | 123.00 | OK | |
r-patched-linux-x86_64 | 1.1.2 | 7.02 | 106.89 | 113.91 | OK | |
r-release-linux-x86_64 | 1.1.2 | 6.36 | 108.00 | 114.36 | OK | |
r-release-macos-arm64 | 1.1.2 | 57.00 | OK | |||
r-release-macos-x86_64 | 1.1.2 | 148.00 | OK | |||
r-release-windows-x86_64 | 1.1.2 | 9.00 | 113.00 | 122.00 | OK | |
r-oldrel-macos-arm64 | 1.1.2 | 54.00 | OK | |||
r-oldrel-macos-x86_64 | 1.1.2 | 88.00 | OK | |||
r-oldrel-windows-x86_64 | 1.1.2 | 11.00 | 151.00 | 162.00 | OK |
Version: 1.1.2
Check: CRAN incoming feasibility
Result: NOTE
Maintainer: ‘Melantha Wang <wang.melantha@gmail.com>’
The Description field contains
Cost Experience Simulator" <arXiv:2109.04058>.
Please refer to arXiv e-prints via their arXiv DOI <doi:10.48550/arXiv.YYMM.NNNNN>.
Flavors: r-devel-linux-x86_64-debian-clang, r-devel-linux-x86_64-debian-gcc