CRAN Package Check Results for Package SPECIES

Last updated on 2025-05-10 16:52:42 CEST.

Flavor Version Tinstall Tcheck Ttotal Status Flags
r-devel-linux-x86_64-debian-clang 1.2.0 6.66 27.47 34.13 OK
r-devel-linux-x86_64-debian-gcc 1.2.0 4.50 20.44 24.94 OK
r-devel-linux-x86_64-fedora-clang 1.2.0 52.27 NOTE
r-devel-linux-x86_64-fedora-gcc 1.2.0 50.91 NOTE
r-devel-windows-x86_64 1.2.0 10.00 46.00 56.00 OK
r-patched-linux-x86_64 1.2.0 5.81 25.85 31.66 OK
r-release-linux-x86_64 1.2.0 5.72 25.95 31.67 OK
r-release-macos-arm64 1.2.0 21.00 OK
r-release-macos-x86_64 1.2.0 34.00 OK
r-release-windows-x86_64 1.2.0 8.00 47.00 55.00 OK
r-oldrel-macos-arm64 1.2.0 21.00 OK
r-oldrel-macos-x86_64 1.2.0 38.00 OK
r-oldrel-windows-x86_64 1.2.0 11.00 46.00 57.00 OK

Check Details

Version: 1.2.0
Check: compiled code
Result: NOTE File ‘SPECIES/libs/SPECIES.so’: Found no calls to: ‘R_registerRoutines’, ‘R_useDynamicSymbols’ It is good practice to register native routines and to disable symbol search. See ‘Writing portable packages’ in the ‘Writing R Extensions’ manual. Flavors: r-devel-linux-x86_64-fedora-clang, r-devel-linux-x86_64-fedora-gcc