Last updated on 2025-07-15 16:48:40 CEST.
Flavor | Version | Tinstall | Tcheck | Ttotal | Status | Flags |
---|---|---|---|---|---|---|
r-devel-linux-x86_64-debian-clang | 0.2.0 | 6.39 | 53.99 | 60.38 | OK | |
r-devel-linux-x86_64-debian-gcc | 0.2.0 | 3.95 | 38.59 | 42.54 | OK | |
r-devel-linux-x86_64-fedora-clang | 0.2.0 | 90.38 | OK | |||
r-devel-linux-x86_64-fedora-gcc | 0.2.0 | 86.38 | OK | |||
r-devel-windows-x86_64 | 0.2.0 | 9.00 | 69.00 | 78.00 | OK | |
r-patched-linux-x86_64 | 0.2.0 | 6.53 | 49.93 | 56.46 | OK | |
r-release-linux-x86_64 | 0.2.0 | 5.92 | 50.11 | 56.03 | OK | |
r-release-macos-arm64 | 0.2.0 | 27.00 | OK | |||
r-release-macos-x86_64 | 0.2.0 | 57.00 | OK | |||
r-release-windows-x86_64 | 0.2.0 | 8.00 | 70.00 | 78.00 | OK | |
r-oldrel-macos-arm64 | 0.2.0 | 29.00 | NOTE | |||
r-oldrel-macos-x86_64 | 0.2.0 | 45.00 | NOTE | |||
r-oldrel-windows-x86_64 | 0.2.0 | 11.00 | 84.00 | 95.00 | NOTE |
Version: 0.2.0
Check: LazyData
Result: NOTE
'LazyData' is specified without a 'data' directory
Flavors: r-oldrel-macos-arm64, r-oldrel-macos-x86_64, r-oldrel-windows-x86_64