Last updated on 2025-05-10 20:49:54 CEST.
Flavor | Version | Tinstall | Tcheck | Ttotal | Status | Flags |
---|---|---|---|---|---|---|
r-devel-linux-x86_64-debian-clang | 1.0.6 | 5.09 | 297.43 | 302.52 | NOTE | |
r-devel-linux-x86_64-debian-gcc | 1.0.6 | 3.04 | 183.31 | 186.35 | NOTE | |
r-devel-linux-x86_64-fedora-clang | 1.0.6 | 491.67 | OK | |||
r-devel-linux-x86_64-fedora-gcc | 1.0.6 | 517.34 | OK | |||
r-devel-windows-x86_64 | 1.0.6 | 6.00 | 289.00 | 295.00 | OK | |
r-patched-linux-x86_64 | 1.0.6 | 4.16 | 293.65 | 297.81 | OK | |
r-release-linux-x86_64 | 1.0.6 | 4.31 | 296.62 | 300.93 | OK | |
r-release-macos-arm64 | 1.0.6 | 83.00 | OK | |||
r-release-macos-x86_64 | 1.0.6 | 186.00 | OK | |||
r-release-windows-x86_64 | 1.0.6 | 6.00 | 290.00 | 296.00 | OK | |
r-oldrel-macos-arm64 | 1.0.6 | 87.00 | OK | |||
r-oldrel-macos-x86_64 | 1.0.6 | 148.00 | OK | |||
r-oldrel-windows-x86_64 | 1.0.6 | 7.00 | 408.00 | 415.00 | OK |
Version: 1.0.6
Check: CRAN incoming feasibility
Result: NOTE
Maintainer: ‘Seungjun Ahn <seungjun.ahn@mountsinai.org>’
The Description field contains
<arXiv:2303.13702v1>.
Please refer to arXiv e-prints via their arXiv DOI <doi:10.48550/arXiv.YYMM.NNNNN>.
Flavors: r-devel-linux-x86_64-debian-clang, r-devel-linux-x86_64-debian-gcc