Last updated on 2025-05-10 20:49:54 CEST.
Flavor | Version | Tinstall | Tcheck | Ttotal | Status | Flags |
---|---|---|---|---|---|---|
r-devel-linux-x86_64-debian-clang | 1.4.0 | 3.76 | 50.32 | 54.08 | NOTE | |
r-devel-linux-x86_64-debian-gcc | 1.4.0 | 2.65 | 37.42 | 40.07 | NOTE | |
r-devel-linux-x86_64-fedora-clang | 1.4.0 | 84.07 | OK | |||
r-devel-linux-x86_64-fedora-gcc | 1.4.0 | 93.38 | OK | |||
r-devel-windows-x86_64 | 1.4.0 | 5.00 | 73.00 | 78.00 | OK | |
r-patched-linux-x86_64 | 1.4.0 | 4.88 | 48.12 | 53.00 | OK | |
r-release-linux-x86_64 | 1.4.0 | 3.65 | 47.48 | 51.13 | OK | |
r-release-macos-arm64 | 1.4.0 | 35.00 | OK | |||
r-release-macos-x86_64 | 1.4.0 | 63.00 | OK | |||
r-release-windows-x86_64 | 1.4.0 | 6.00 | 77.00 | 83.00 | OK | |
r-oldrel-macos-arm64 | 1.4.0 | 30.00 | OK | |||
r-oldrel-macos-x86_64 | 1.4.0 | 50.00 | OK | |||
r-oldrel-windows-x86_64 | 1.4.0 | 6.00 | 86.00 | 92.00 | OK |
Version: 1.4.0
Check: CRAN incoming feasibility
Result: NOTE
Maintainer: ‘Luis Benavides <luisbv@tec.mx>’
The Description field contains
(2019) <arXiv:1901.04443>.
Please refer to arXiv e-prints via their arXiv DOI <doi:10.48550/arXiv.YYMM.NNNNN>.
Flavors: r-devel-linux-x86_64-debian-clang, r-devel-linux-x86_64-debian-gcc