Last updated on 2025-07-28 16:50:14 CEST.
Flavor | Version | Tinstall | Tcheck | Ttotal | Status | Flags |
---|---|---|---|---|---|---|
r-devel-linux-x86_64-debian-clang | 0.1.0 | 56.00 | 44.17 | 100.17 | NOTE | |
r-devel-linux-x86_64-debian-gcc | 0.1.0 | 35.75 | 33.14 | 68.89 | NOTE | |
r-devel-linux-x86_64-fedora-clang | 0.1.0 | 177.65 | OK | |||
r-devel-linux-x86_64-fedora-gcc | 0.1.0 | 170.20 | OK | |||
r-devel-windows-x86_64 | 0.1.0 | 60.00 | 81.00 | 141.00 | OK | |
r-patched-linux-x86_64 | 0.1.0 | 45.81 | 39.90 | 85.71 | OK | |
r-release-linux-x86_64 | 0.1.0 | 50.28 | 39.19 | 89.47 | OK | |
r-release-macos-arm64 | 0.1.0 | 52.00 | OK | |||
r-release-macos-x86_64 | 0.1.0 | 73.00 | OK | |||
r-release-windows-x86_64 | 0.1.0 | 60.00 | 76.00 | 136.00 | OK | |
r-oldrel-macos-arm64 | 0.1.0 | 49.00 | OK | |||
r-oldrel-macos-x86_64 | 0.1.0 | 60.00 | OK | |||
r-oldrel-windows-x86_64 | 0.1.0 | 70.00 | 96.00 | 166.00 | OK |
Version: 0.1.0
Check: CRAN incoming feasibility
Result: NOTE
Maintainer: ‘Youngki Shin <shiny11@mcmaster.ca>’
The Description field contains
<arXiv:2209.14502> "Fast Inference for Quantile Regression with Tens of
Please refer to arXiv e-prints via their arXiv DOI <doi:10.48550/arXiv.YYMM.NNNNN>.
Flavors: r-devel-linux-x86_64-debian-clang, r-devel-linux-x86_64-debian-gcc