Last updated on 2025-05-10 12:49:54 CEST.
Flavor | Version | Tinstall | Tcheck | Ttotal | Status | Flags |
---|---|---|---|---|---|---|
r-devel-linux-x86_64-debian-clang | 1.0.0 | 53.32 | 491.59 | 544.91 | NOTE | |
r-devel-linux-x86_64-debian-gcc | 1.0.0 | 34.32 | 352.86 | 387.18 | NOTE | |
r-devel-linux-x86_64-fedora-clang | 1.0.0 | 944.30 | NOTE | |||
r-devel-linux-x86_64-fedora-gcc | 1.0.0 | 853.58 | NOTE | |||
r-devel-windows-x86_64 | 1.0.0 | 50.00 | 407.00 | 457.00 | OK | |
r-patched-linux-x86_64 | 1.0.0 | 53.00 | 460.79 | 513.79 | OK | |
r-release-linux-x86_64 | 1.0.0 | 48.02 | 461.87 | 509.89 | OK | |
r-release-macos-arm64 | 1.0.0 | 228.00 | OK | |||
r-release-macos-x86_64 | 1.0.0 | 438.00 | OK | |||
r-release-windows-x86_64 | 1.0.0 | 51.00 | 411.00 | 462.00 | OK | |
r-oldrel-macos-arm64 | 1.0.0 | 230.00 | OK | |||
r-oldrel-macos-x86_64 | 1.0.0 | 327.00 | OK | |||
r-oldrel-windows-x86_64 | 1.0.0 | 68.00 | 545.00 | 613.00 | OK |
Version: 1.0.0
Check: CRAN incoming feasibility
Result: NOTE
Maintainer: ‘Fei Qin <fqin@email.sc.edu>’
The Description field contains
<https://genomebiology.biomedcentral.com/articles/10.1186/s13059-017-1305-0>.
Please use permanent DOI markup for linking to publications as in <doi:prefix/suffix>.
Flavors: r-devel-linux-x86_64-debian-clang, r-devel-linux-x86_64-debian-gcc
Version: 1.0.0
Check: dependencies in R code
Result: NOTE
Namespaces in Imports field not imported from:
‘BiocManager’ ‘crayon’ ‘knitr’ ‘methods’
All declared Imports should be used.
Flavors: r-devel-linux-x86_64-fedora-clang, r-devel-linux-x86_64-fedora-gcc