Last updated on 2025-05-10 16:52:41 CEST.
Flavor | Version | Tinstall | Tcheck | Ttotal | Status | Flags |
---|---|---|---|---|---|---|
r-devel-linux-x86_64-debian-clang | 1.2 | 63.58 | 121.49 | 185.07 | OK | |
r-devel-linux-x86_64-debian-gcc | 1.2 | 46.97 | 87.16 | 134.13 | OK | |
r-devel-linux-x86_64-fedora-clang | 1.2 | 301.19 | OK | |||
r-devel-linux-x86_64-fedora-gcc | 1.2 | 348.74 | OK | |||
r-devel-windows-x86_64 | 1.2 | 65.00 | 163.00 | 228.00 | OK | |
r-patched-linux-x86_64 | 1.2 | 63.12 | 115.60 | 178.72 | OK | |
r-release-linux-x86_64 | 1.2 | 65.80 | 115.61 | 181.41 | OK | |
r-release-macos-arm64 | 1.2 | 83.00 | OK | |||
r-release-macos-x86_64 | 1.2 | 157.00 | OK | |||
r-release-windows-x86_64 | 1.2 | 61.00 | 173.00 | 234.00 | OK | |
r-oldrel-macos-arm64 | 1.2 | 86.00 | NOTE | |||
r-oldrel-macos-x86_64 | 1.2 | 142.00 | NOTE | |||
r-oldrel-windows-x86_64 | 1.2 | 78.00 | 212.00 | 290.00 | NOTE |
Version: 1.2
Check: installed package size
Result: NOTE
installed size is 8.8Mb
sub-directories of 1Mb or more:
libs 8.5Mb
Flavors: r-oldrel-macos-arm64, r-oldrel-macos-x86_64
Version: 1.2
Check: for GNU extensions in Makefiles
Result: NOTE
GNU make is a SystemRequirements.
Flavors: r-oldrel-macos-arm64, r-oldrel-macos-x86_64, r-oldrel-windows-x86_64