Last updated on 2025-05-10 20:49:52 CEST.
Flavor | Version | Tinstall | Tcheck | Ttotal | Status | Flags |
---|---|---|---|---|---|---|
r-devel-linux-x86_64-debian-clang | 1.0.4 | 51.41 | 80.55 | 131.96 | OK | |
r-devel-linux-x86_64-debian-gcc | 1.0.4 | 36.58 | 58.08 | 94.66 | OK | |
r-devel-linux-x86_64-fedora-clang | 1.0.4 | 230.54 | NOTE | |||
r-devel-linux-x86_64-fedora-gcc | 1.0.4 | 228.83 | NOTE | |||
r-devel-windows-x86_64 | 1.0.4 | 66.00 | 111.00 | 177.00 | OK | |
r-patched-linux-x86_64 | 1.0.4 | 55.61 | 75.83 | 131.44 | OK | |
r-release-linux-x86_64 | 1.0.4 | 53.64 | 76.27 | 129.91 | OK | |
r-release-macos-arm64 | 1.0.4 | 53.00 | OK | |||
r-release-macos-x86_64 | 1.0.4 | 102.00 | OK | |||
r-release-windows-x86_64 | 1.0.4 | 64.00 | 110.00 | 174.00 | OK | |
r-oldrel-macos-arm64 | 1.0.4 | 61.00 | NOTE | |||
r-oldrel-macos-x86_64 | 1.0.4 | 105.00 | NOTE | |||
r-oldrel-windows-x86_64 | 1.0.4 | 74.00 | 134.00 | 208.00 | NOTE |
Version: 1.0.4
Check: dependencies in R code
Result: NOTE
Namespaces in Imports field not imported from:
‘httr’ ‘jsonlite’
All declared Imports should be used.
Flavors: r-devel-linux-x86_64-fedora-clang, r-devel-linux-x86_64-fedora-gcc
Version: 1.0.4
Check: for GNU extensions in Makefiles
Result: NOTE
GNU make is a SystemRequirements.
Flavors: r-oldrel-macos-arm64, r-oldrel-macos-x86_64, r-oldrel-windows-x86_64