Last updated on 2025-05-10 16:52:41 CEST.
Flavor | Version | Tinstall | Tcheck | Ttotal | Status | Flags |
---|---|---|---|---|---|---|
r-devel-linux-x86_64-debian-clang | 1.1 | 1.91 | 20.70 | 22.61 | NOTE | |
r-devel-linux-x86_64-debian-gcc | 1.1 | 1.54 | 16.97 | 18.51 | NOTE | |
r-devel-linux-x86_64-fedora-clang | 1.1 | 35.51 | OK | |||
r-devel-linux-x86_64-fedora-gcc | 1.1 | 35.28 | OK | |||
r-devel-windows-x86_64 | 1.1 | 3.00 | 46.00 | 49.00 | OK | |
r-patched-linux-x86_64 | 1.1 | 1.99 | 19.91 | 21.90 | OK | |
r-release-linux-x86_64 | 1.1 | 1.88 | 20.15 | 22.03 | OK | |
r-release-macos-arm64 | 1.1 | 17.00 | OK | |||
r-release-macos-x86_64 | 1.1 | 27.00 | OK | |||
r-release-windows-x86_64 | 1.1 | 4.00 | 49.00 | 53.00 | OK | |
r-oldrel-macos-arm64 | 1.1 | 15.00 | OK | |||
r-oldrel-macos-x86_64 | 1.1 | 26.00 | OK | |||
r-oldrel-windows-x86_64 | 1.1 | 3.00 | 49.00 | 52.00 | OK |
Version: 1.1
Check: CRAN incoming feasibility
Result: NOTE
Maintainer: ‘Alireza S. Mahani <alireza.s.mahani@gmail.com>’
No Authors@R field in DESCRIPTION.
Please add one, modifying
Authors@R: c(person(given = c("Mansour", "T.A."),
family = "Sharabiani",
role = "aut"),
person(given = c("Alireza", "S."),
family = "Mahani",
role = c("aut", "cre"),
email = "alireza.s.mahani@gmail.com"))
as necessary.
Flavors: r-devel-linux-x86_64-debian-clang, r-devel-linux-x86_64-debian-gcc