Last updated on 2024-05-28 12:56:28 CEST.
Flavor | Version | Tinstall | Tcheck | Ttotal | Status | Flags |
---|---|---|---|---|---|---|
r-devel-linux-x86_64-debian-clang | 0.1.0-1 | 56.10 | 241.20 | 297.30 | OK | |
r-devel-linux-x86_64-debian-gcc | 0.1.0-1 | 34.25 | 220.14 | 254.39 | OK | |
r-devel-linux-x86_64-fedora-clang | 0.1.0-1 | 374.09 | NOTE | |||
r-devel-linux-x86_64-fedora-gcc | 0.1.0-1 | 446.93 | NOTE | |||
r-devel-windows-x86_64 | 0.1.0-1 | 40.00 | 252.00 | 292.00 | OK | |
r-patched-linux-x86_64 | 0.1.0-1 | 32.15 | 293.71 | 325.86 | OK | |
r-release-linux-x86_64 | 0.1.0-1 | 32.29 | 283.64 | 315.93 | OK | |
r-release-macos-arm64 | 0.1.0-1 | 149.00 | OK | |||
r-release-windows-x86_64 | 0.1.0-1 | 41.00 | 246.00 | 287.00 | OK | |
r-oldrel-macos-arm64 | 0.1.0-1 | 152.00 | OK | |||
r-oldrel-macos-x86_64 | 0.1.0-1 | 253.00 | OK | |||
r-oldrel-windows-x86_64 | 0.1.0-1 | 53.00 | 321.00 | 374.00 | OK |
Version: 0.1.0-1
Check: dependencies in R code
Result: NOTE
Namespace in Imports field not imported from: ‘Rcpp’
All declared Imports should be used.
Flavors: r-devel-linux-x86_64-fedora-clang, r-devel-linux-x86_64-fedora-gcc