CRAN Package Check Results for Package SADISA

Last updated on 2025-07-18 04:49:21 CEST.

Flavor Version Tinstall Tcheck Ttotal Status Flags
r-devel-linux-x86_64-debian-clang 1.2 3.37 31.95 35.32 NOTE
r-devel-linux-x86_64-debian-gcc 1.2 2.66 24.42 27.08 NOTE
r-devel-linux-x86_64-fedora-clang 1.2 59.74 OK
r-devel-linux-x86_64-fedora-gcc 1.2 70.66 OK
r-devel-windows-x86_64 1.2 5.00 55.00 60.00 OK
r-patched-linux-x86_64 1.2 3.99 30.53 34.52 OK
r-release-linux-x86_64 1.2 3.51 29.97 33.48 OK
r-release-macos-arm64 1.2 38.00 OK
r-release-macos-x86_64 1.2 52.00 OK
r-release-windows-x86_64 1.2 5.00 54.00 59.00 OK
r-oldrel-macos-arm64 1.2 24.00 OK
r-oldrel-macos-x86_64 1.2 39.00 OK
r-oldrel-windows-x86_64 1.2 7.00 61.00 68.00 OK

Check Details

Version: 1.2
Check: CRAN incoming feasibility
Result: NOTE Maintainer: ‘Rampal S. Etienne <r.s.etienne@rug.nl>’ No Authors@R field in DESCRIPTION. Please add one, modifying Authors@R: c(person(given = c("Rampal", "S.", "Etienne", "&", "Bart"), family = "Haegeman", role = "aut"), person(given = c("Rampal", "S."), family = "Etienne", role = "cre", email = "r.s.etienne@rug.nl")) as necessary. Flavors: r-devel-linux-x86_64-debian-clang, r-devel-linux-x86_64-debian-gcc