Last updated on 2025-07-21 16:50:30 CEST.
Flavor | Version | Tinstall | Tcheck | Ttotal | Status | Flags |
---|---|---|---|---|---|---|
r-devel-linux-x86_64-debian-clang | 0.9.2 | 2.16 | 34.72 | 36.88 | NOTE | |
r-devel-linux-x86_64-debian-gcc | 0.9.2 | 1.69 | 27.18 | 28.87 | NOTE | |
r-devel-linux-x86_64-fedora-clang | 0.9.2 | 62.54 | ERROR | |||
r-devel-linux-x86_64-fedora-gcc | 0.9.2 | 72.77 | ERROR | |||
r-devel-windows-x86_64 | 0.9.2 | 4.00 | 57.00 | 61.00 | NOTE | |
r-patched-linux-x86_64 | 0.9.2 | 2.85 | 33.22 | 36.07 | NOTE | |
r-release-linux-x86_64 | 0.9.2 | 2.32 | 33.93 | 36.25 | NOTE | |
r-release-macos-arm64 | 0.9.2 | 28.00 | NOTE | |||
r-release-macos-x86_64 | 0.9.2 | 48.00 | NOTE | |||
r-release-windows-x86_64 | 0.9.2 | 4.00 | 63.00 | 67.00 | NOTE | |
r-oldrel-macos-arm64 | 0.9.2 | 27.00 | NOTE | |||
r-oldrel-macos-x86_64 | 0.9.2 | 41.00 | NOTE | |||
r-oldrel-windows-x86_64 | 0.9.2 | 6.00 | 66.00 | 72.00 | NOTE |
Version: 0.9.2
Check: CRAN incoming feasibility
Result: NOTE
Maintainer: ‘Felipe Souza <lipecaso@gmail.com>’
Package CITATION file contains call(s) to old-style personList() or
as.personList(). Please use c() on person objects instead.
Package CITATION file contains call(s) to old-style citEntry(). Please
use bibentry() instead.
Flavors: r-devel-linux-x86_64-debian-clang, r-devel-linux-x86_64-debian-gcc
Version: 0.9.2
Check: Rd files
Result: NOTE
checkRd: (-1) wtss_to_ts.Rd:31: Lost braces; missing escapes or markup?
31 | This period can be either {"month", "week", "day"},
| ^
checkRd: (-1) wtss_to_ts.Rd:32: Lost braces; missing escapes or markup?
32 | {"months", "weeks", "days"} or
| ^
checkRd: (-1) wtss_to_ts.Rd:33: Lost braces; missing escapes or markup?
33 | {12, 52, 365}. This function creates a new time series with the required
| ^
Flavors: r-devel-linux-x86_64-debian-clang, r-devel-linux-x86_64-debian-gcc, r-devel-linux-x86_64-fedora-clang, r-devel-linux-x86_64-fedora-gcc, r-devel-windows-x86_64, r-patched-linux-x86_64, r-release-linux-x86_64, r-release-macos-arm64, r-release-macos-x86_64, r-release-windows-x86_64, r-oldrel-macos-arm64, r-oldrel-macos-x86_64, r-oldrel-windows-x86_64
Version: 0.9.2
Check: for unstated dependencies in ‘demo’
Result: NOTE
'::' or ':::' imports not declared from:
‘changepoint’ ‘strucchange’
'library' or 'require' calls not declared from:
‘changepoint’ ‘strucchange’
Flavors: r-devel-linux-x86_64-debian-clang, r-devel-linux-x86_64-debian-gcc, r-patched-linux-x86_64, r-release-linux-x86_64
Version: 0.9.2
Check: tests
Result: ERROR
Running ‘spelling.R’
Running ‘testthat.R’ [12s/21s]
Running the tests in ‘tests/testthat.R’ failed.
Complete output:
> library(testthat)
> library(Rwtss)
Rwtss - R interface to Web Time Series Service.
Loaded Rwtss v0.9.2.
See ?Rwtss for help, citation("Rwtss") for use in publication.
See demo(package = "Rwtss") for examples.
>
> test_check("Rwtss")
[ FAIL 16 | WARN 0 | SKIP 0 | PASS 27 ]
══ Failed tests ════════════════════════════════════════════════════════════════
── Failure ('test_wtss.R:9:13'): List coverages ────────────────────────────────
as.logical(grep("MOD13Q1", output[1])) is not TRUE
`actual`:
`expected`: TRUE
Backtrace:
▆
1. ├─vcr::use_cassette(...) at test_wtss.R:4:5
2. │ └─cassette$call_block(...)
3. └─testthat::expect_true(as.logical(grep("MOD13Q1", output[1]))) at test_wtss.R:9:13
── Failure ('test_wtss.R:19:9'): Describe coverage ─────────────────────────────
as.logical(grep("satellite", output[5])) is not TRUE
`actual`:
`expected`: TRUE
Backtrace:
▆
1. ├─vcr::use_cassette(...) at test_wtss.R:15:5
2. │ └─cassette$call_block(...)
3. └─testthat::expect_true(as.logical(grep("satellite", output[5]))) at test_wtss.R:19:9
── Failure ('test_wtss.R:20:9'): Describe coverage ─────────────────────────────
as.logical(grep("minimum_values", output[15])) is not TRUE
`actual`:
`expected`: TRUE
Backtrace:
▆
1. ├─vcr::use_cassette(...) at test_wtss.R:15:5
2. │ └─cassette$call_block(...)
3. └─testthat::expect_true(as.logical(grep("minimum_values", output[15]))) at test_wtss.R:20:9
── Failure ('test_wtss.R:21:9'): Describe coverage ─────────────────────────────
as.logical(grep("maximum_values", output[20])) is not TRUE
`actual`:
`expected`: TRUE
Backtrace:
▆
1. ├─vcr::use_cassette(...) at test_wtss.R:15:5
2. │ └─cassette$call_block(...)
3. └─testthat::expect_true(as.logical(grep("maximum_values", output[20]))) at test_wtss.R:21:9
── Failure ('test_wtss.R:22:9'): Describe coverage ─────────────────────────────
as.logical(grep("Timeline", output[29])) is not TRUE
`actual`:
`expected`: TRUE
Backtrace:
▆
1. ├─vcr::use_cassette(...) at test_wtss.R:15:5
2. │ └─cassette$call_block(...)
3. └─testthat::expect_true(as.logical(grep("Timeline", output[29]))) at test_wtss.R:22:9
── Failure ('test_wtss.R:45:9'): Time Series 2 ─────────────────────────────────
ncol(ts$time_series[[1]]) == 7 is not TRUE
`actual`: FALSE
`expected`: TRUE
Backtrace:
▆
1. ├─vcr::use_cassette(...) at test_wtss.R:40:5
2. │ └─cassette$call_block(...)
3. └─testthat::expect_true(ncol(ts$time_series[[1]]) == 7) at test_wtss.R:45:9
── Failure ('test_wtss.R:46:9'): Time Series 2 ─────────────────────────────────
all(...) is not TRUE
`actual`: FALSE
`expected`: TRUE
Backtrace:
▆
1. ├─vcr::use_cassette(...) at test_wtss.R:40:5
2. │ └─cassette$call_block(...)
3. └─testthat::expect_true(...) at test_wtss.R:46:9
── Failure ('test_wtss.R:48:9'): Time Series 2 ─────────────────────────────────
nrow(ts$time_series[[1]]) >= 452 is not TRUE
`actual`: FALSE
`expected`: TRUE
Backtrace:
▆
1. ├─vcr::use_cassette(...) at test_wtss.R:40:5
2. │ └─cassette$call_block(...)
3. └─testthat::expect_true(nrow(ts$time_series[[1]]) >= 452) at test_wtss.R:48:9
── Failure ('test_wtss.R:70:9'): Time Series - errors ──────────────────────────
purrr::is_null(ts) is not TRUE
`actual`: FALSE
`expected`: TRUE
Backtrace:
▆
1. ├─vcr::use_cassette(...) at test_wtss.R:64:5
2. │ └─cassette$call_block(...)
3. └─testthat::expect_true(purrr::is_null(ts)) at test_wtss.R:70:9
── Failure ('test_wtss.R:75:9'): Time Series - errors ──────────────────────────
purrr::is_null(ts) is not TRUE
`actual`: FALSE
`expected`: TRUE
Backtrace:
▆
1. ├─vcr::use_cassette(...) at test_wtss.R:64:5
2. │ └─cassette$call_block(...)
3. └─testthat::expect_true(purrr::is_null(ts)) at test_wtss.R:75:9
── Failure ('test_wtss.R:81:9'): Time Series - errors ──────────────────────────
purrr::is_null(ts) is not TRUE
`actual`: FALSE
`expected`: TRUE
Backtrace:
▆
1. ├─vcr::use_cassette(...) at test_wtss.R:64:5
2. │ └─cassette$call_block(...)
3. └─testthat::expect_true(purrr::is_null(ts)) at test_wtss.R:81:9
── Failure ('test_wtss.R:87:9'): Time Series - errors ──────────────────────────
purrr::is_null(ts) is not TRUE
`actual`: FALSE
`expected`: TRUE
Backtrace:
▆
1. ├─vcr::use_cassette(...) at test_wtss.R:64:5
2. │ └─cassette$call_block(...)
3. └─testthat::expect_true(purrr::is_null(ts)) at test_wtss.R:87:9
── Failure ('test_wtss.R:93:9'): Time Series - errors ──────────────────────────
purrr::is_null(ts) is not TRUE
`actual`: FALSE
`expected`: TRUE
Backtrace:
▆
1. ├─vcr::use_cassette(...) at test_wtss.R:64:5
2. │ └─cassette$call_block(...)
3. └─testthat::expect_true(purrr::is_null(ts)) at test_wtss.R:93:9
── Failure ('test_wtss.R:100:9'): Time Series - errors ─────────────────────────
purrr::is_null(ts) is not TRUE
`actual`: FALSE
`expected`: TRUE
Backtrace:
▆
1. ├─vcr::use_cassette(...) at test_wtss.R:64:5
2. │ └─cassette$call_block(...)
3. └─testthat::expect_true(purrr::is_null(ts)) at test_wtss.R:100:9
── Error ('test_wtss.R:136:9'): Time Series - conversion to ts and zoo ─────────
<subscriptOutOfBoundsError/error/condition>
Error in `rval[i, j, drop = drop., ...]`: subscript out of bounds
Backtrace:
▆
1. ├─vcr::use_cassette(...) at test_wtss.R:111:5
2. │ └─cassette$call_block(...)
3. └─Rwtss::wtss_to_ts(ts, band = "ndvi", period = "week") at test_wtss.R:136:9
4. ├─zoo::merge.zoo(ts_zoo, ts_zoo_reg)[, band]
5. └─zoo:::`[.zoo`(zoo::merge.zoo(ts_zoo, ts_zoo_reg), , band)
── Failure ('test_wtss.R:184:5'): Bad connection to a WTSS service ─────────────
purrr::is_null(ts) is not TRUE
`actual`: FALSE
`expected`: TRUE
[ FAIL 16 | WARN 0 | SKIP 0 | PASS 27 ]
Error: Test failures
Execution halted
Flavor: r-devel-linux-x86_64-fedora-clang
Version: 0.9.2
Check: tests
Result: ERROR
Running ‘spelling.R’
Running ‘testthat.R’ [12s/15s]
Running the tests in ‘tests/testthat.R’ failed.
Complete output:
> library(testthat)
> library(Rwtss)
Rwtss - R interface to Web Time Series Service.
Loaded Rwtss v0.9.2.
See ?Rwtss for help, citation("Rwtss") for use in publication.
See demo(package = "Rwtss") for examples.
>
> test_check("Rwtss")
[ FAIL 16 | WARN 0 | SKIP 0 | PASS 27 ]
══ Failed tests ════════════════════════════════════════════════════════════════
── Failure ('test_wtss.R:9:13'): List coverages ────────────────────────────────
as.logical(grep("MOD13Q1", output[1])) is not TRUE
`actual`:
`expected`: TRUE
Backtrace:
▆
1. ├─vcr::use_cassette(...) at test_wtss.R:4:5
2. │ └─cassette$call_block(...)
3. └─testthat::expect_true(as.logical(grep("MOD13Q1", output[1]))) at test_wtss.R:9:13
── Failure ('test_wtss.R:19:9'): Describe coverage ─────────────────────────────
as.logical(grep("satellite", output[5])) is not TRUE
`actual`:
`expected`: TRUE
Backtrace:
▆
1. ├─vcr::use_cassette(...) at test_wtss.R:15:5
2. │ └─cassette$call_block(...)
3. └─testthat::expect_true(as.logical(grep("satellite", output[5]))) at test_wtss.R:19:9
── Failure ('test_wtss.R:20:9'): Describe coverage ─────────────────────────────
as.logical(grep("minimum_values", output[15])) is not TRUE
`actual`:
`expected`: TRUE
Backtrace:
▆
1. ├─vcr::use_cassette(...) at test_wtss.R:15:5
2. │ └─cassette$call_block(...)
3. └─testthat::expect_true(as.logical(grep("minimum_values", output[15]))) at test_wtss.R:20:9
── Failure ('test_wtss.R:21:9'): Describe coverage ─────────────────────────────
as.logical(grep("maximum_values", output[20])) is not TRUE
`actual`:
`expected`: TRUE
Backtrace:
▆
1. ├─vcr::use_cassette(...) at test_wtss.R:15:5
2. │ └─cassette$call_block(...)
3. └─testthat::expect_true(as.logical(grep("maximum_values", output[20]))) at test_wtss.R:21:9
── Failure ('test_wtss.R:22:9'): Describe coverage ─────────────────────────────
as.logical(grep("Timeline", output[29])) is not TRUE
`actual`:
`expected`: TRUE
Backtrace:
▆
1. ├─vcr::use_cassette(...) at test_wtss.R:15:5
2. │ └─cassette$call_block(...)
3. └─testthat::expect_true(as.logical(grep("Timeline", output[29]))) at test_wtss.R:22:9
── Failure ('test_wtss.R:45:9'): Time Series 2 ─────────────────────────────────
ncol(ts$time_series[[1]]) == 7 is not TRUE
`actual`: FALSE
`expected`: TRUE
Backtrace:
▆
1. ├─vcr::use_cassette(...) at test_wtss.R:40:5
2. │ └─cassette$call_block(...)
3. └─testthat::expect_true(ncol(ts$time_series[[1]]) == 7) at test_wtss.R:45:9
── Failure ('test_wtss.R:46:9'): Time Series 2 ─────────────────────────────────
all(...) is not TRUE
`actual`: FALSE
`expected`: TRUE
Backtrace:
▆
1. ├─vcr::use_cassette(...) at test_wtss.R:40:5
2. │ └─cassette$call_block(...)
3. └─testthat::expect_true(...) at test_wtss.R:46:9
── Failure ('test_wtss.R:48:9'): Time Series 2 ─────────────────────────────────
nrow(ts$time_series[[1]]) >= 452 is not TRUE
`actual`: FALSE
`expected`: TRUE
Backtrace:
▆
1. ├─vcr::use_cassette(...) at test_wtss.R:40:5
2. │ └─cassette$call_block(...)
3. └─testthat::expect_true(nrow(ts$time_series[[1]]) >= 452) at test_wtss.R:48:9
── Failure ('test_wtss.R:70:9'): Time Series - errors ──────────────────────────
purrr::is_null(ts) is not TRUE
`actual`: FALSE
`expected`: TRUE
Backtrace:
▆
1. ├─vcr::use_cassette(...) at test_wtss.R:64:5
2. │ └─cassette$call_block(...)
3. └─testthat::expect_true(purrr::is_null(ts)) at test_wtss.R:70:9
── Failure ('test_wtss.R:75:9'): Time Series - errors ──────────────────────────
purrr::is_null(ts) is not TRUE
`actual`: FALSE
`expected`: TRUE
Backtrace:
▆
1. ├─vcr::use_cassette(...) at test_wtss.R:64:5
2. │ └─cassette$call_block(...)
3. └─testthat::expect_true(purrr::is_null(ts)) at test_wtss.R:75:9
── Failure ('test_wtss.R:81:9'): Time Series - errors ──────────────────────────
purrr::is_null(ts) is not TRUE
`actual`: FALSE
`expected`: TRUE
Backtrace:
▆
1. ├─vcr::use_cassette(...) at test_wtss.R:64:5
2. │ └─cassette$call_block(...)
3. └─testthat::expect_true(purrr::is_null(ts)) at test_wtss.R:81:9
── Failure ('test_wtss.R:87:9'): Time Series - errors ──────────────────────────
purrr::is_null(ts) is not TRUE
`actual`: FALSE
`expected`: TRUE
Backtrace:
▆
1. ├─vcr::use_cassette(...) at test_wtss.R:64:5
2. │ └─cassette$call_block(...)
3. └─testthat::expect_true(purrr::is_null(ts)) at test_wtss.R:87:9
── Failure ('test_wtss.R:93:9'): Time Series - errors ──────────────────────────
purrr::is_null(ts) is not TRUE
`actual`: FALSE
`expected`: TRUE
Backtrace:
▆
1. ├─vcr::use_cassette(...) at test_wtss.R:64:5
2. │ └─cassette$call_block(...)
3. └─testthat::expect_true(purrr::is_null(ts)) at test_wtss.R:93:9
── Failure ('test_wtss.R:100:9'): Time Series - errors ─────────────────────────
purrr::is_null(ts) is not TRUE
`actual`: FALSE
`expected`: TRUE
Backtrace:
▆
1. ├─vcr::use_cassette(...) at test_wtss.R:64:5
2. │ └─cassette$call_block(...)
3. └─testthat::expect_true(purrr::is_null(ts)) at test_wtss.R:100:9
── Error ('test_wtss.R:136:9'): Time Series - conversion to ts and zoo ─────────
<subscriptOutOfBoundsError/error/condition>
Error in `rval[i, j, drop = drop., ...]`: subscript out of bounds
Backtrace:
▆
1. ├─vcr::use_cassette(...) at test_wtss.R:111:5
2. │ └─cassette$call_block(...)
3. └─Rwtss::wtss_to_ts(ts, band = "ndvi", period = "week") at test_wtss.R:136:9
4. ├─zoo::merge.zoo(ts_zoo, ts_zoo_reg)[, band]
5. └─zoo:::`[.zoo`(zoo::merge.zoo(ts_zoo, ts_zoo_reg), , band)
── Failure ('test_wtss.R:184:5'): Bad connection to a WTSS service ─────────────
purrr::is_null(ts) is not TRUE
`actual`: FALSE
`expected`: TRUE
[ FAIL 16 | WARN 0 | SKIP 0 | PASS 27 ]
Error: Test failures
Execution halted
Flavor: r-devel-linux-x86_64-fedora-gcc