Last updated on 2025-05-10 20:49:52 CEST.
Flavor | Version | Tinstall | Tcheck | Ttotal | Status | Flags |
---|---|---|---|---|---|---|
r-devel-linux-x86_64-debian-clang | 3.1.1 | 8.15 | 277.32 | 285.47 | OK | |
r-devel-linux-x86_64-debian-gcc | 3.1.1 | 6.07 | 208.48 | 214.55 | OK | |
r-devel-linux-x86_64-fedora-clang | 3.1.1 | 445.83 | NOTE | |||
r-devel-linux-x86_64-fedora-gcc | 3.1.1 | 472.52 | NOTE | |||
r-devel-windows-x86_64 | 3.1.1 | 11.00 | 202.00 | 213.00 | OK | |
r-patched-linux-x86_64 | 3.1.1 | 6.43 | 271.90 | 278.33 | OK | |
r-release-linux-x86_64 | 3.1.1 | 8.37 | 272.20 | 280.57 | OK | |
r-release-macos-arm64 | 3.1.1 | 121.00 | OK | |||
r-release-macos-x86_64 | 3.1.1 | 224.00 | OK | |||
r-release-windows-x86_64 | 3.1.1 | 10.00 | 205.00 | 215.00 | OK | |
r-oldrel-macos-arm64 | 3.1.1 | 114.00 | OK | |||
r-oldrel-macos-x86_64 | 3.1.1 | 230.00 | OK | |||
r-oldrel-windows-x86_64 | 3.1.1 | 12.00 | 826.00 | 838.00 | OK |
Version: 3.1.1
Check: dependencies in R code
Result: NOTE
Namespaces in Imports field not imported from:
‘ROCit’ ‘corrplot’ ‘kableExtra’ ‘purrr’ ‘reshape2’
All declared Imports should be used.
Flavors: r-devel-linux-x86_64-fedora-clang, r-devel-linux-x86_64-fedora-gcc