Last updated on 2025-07-24 20:49:37 CEST.
Flavor | Version | Tinstall | Tcheck | Ttotal | Status | Flags |
---|---|---|---|---|---|---|
r-devel-linux-x86_64-debian-clang | 0.5.6 | 44.93 | 71.15 | 116.08 | OK | |
r-devel-linux-x86_64-debian-gcc | 0.5.6 | 36.58 | 48.40 | 84.98 | OK | |
r-devel-linux-x86_64-fedora-clang | 0.5.6 | 203.02 | OK | |||
r-devel-linux-x86_64-fedora-gcc | 0.5.6 | 203.61 | OK | |||
r-devel-windows-x86_64 | 0.5.6 | 53.00 | 111.00 | 164.00 | OK | |
r-patched-linux-x86_64 | 0.5.6 | 51.82 | 68.23 | 120.05 | OK | |
r-release-linux-x86_64 | 0.5.6 | 50.70 | 69.44 | 120.14 | OK | |
r-release-macos-arm64 | 0.5.6 | 49.00 | OK | |||
r-release-macos-x86_64 | 0.5.6 | 99.00 | OK | |||
r-release-windows-x86_64 | 0.5.6 | 53.00 | 111.00 | 164.00 | OK | |
r-oldrel-macos-arm64 | 0.5.6 | 53.00 | NOTE | |||
r-oldrel-macos-x86_64 | 0.5.6 | 116.00 | NOTE | |||
r-oldrel-windows-x86_64 | 0.5.6 | 65.00 | 134.00 | 199.00 | OK |
Version: 0.5.6
Check: installed package size
Result: NOTE
installed size is 22.6Mb
sub-directories of 1Mb or more:
libs 22.1Mb
Flavors: r-oldrel-macos-arm64, r-oldrel-macos-x86_64