Last updated on 2024-05-19 12:53:57 CEST.
Flavor | Version | Tinstall | Tcheck | Ttotal | Status | Flags |
---|---|---|---|---|---|---|
r-devel-linux-x86_64-debian-clang | 1.1.0 | 15.31 | 96.39 | 111.70 | OK | |
r-devel-linux-x86_64-debian-gcc | 1.1.0 | 9.02 | 72.11 | 81.13 | OK | |
r-devel-linux-x86_64-fedora-clang | 1.1.0 | 137.22 | NOTE | |||
r-devel-linux-x86_64-fedora-gcc | 1.1.0 | 184.99 | NOTE | |||
r-devel-windows-x86_64 | 1.1.0 | 12.00 | 86.00 | 98.00 | OK | |
r-patched-linux-x86_64 | 1.1.0 | 10.39 | 91.15 | 101.54 | OK | |
r-release-linux-x86_64 | 1.1.0 | 12.30 | 92.70 | 105.00 | OK | |
r-release-macos-arm64 | 1.1.0 | 40.00 | OK | |||
r-release-windows-x86_64 | 1.1.0 | 13.00 | 88.00 | 101.00 | OK | |
r-oldrel-macos-arm64 | 1.1.0 | 42.00 | OK | |||
r-oldrel-macos-x86_64 | 1.1.0 | 65.00 | OK | |||
r-oldrel-windows-x86_64 | 1.1.0 | 15.00 | 103.00 | 118.00 | OK |
Version: 1.1.0
Check: dependencies in R code
Result: NOTE
Namespace in Imports field not imported from: ‘glmnet’
All declared Imports should be used.
Flavors: r-devel-linux-x86_64-fedora-clang, r-devel-linux-x86_64-fedora-gcc