CRAN Package Check Results for Package Rmisc

Last updated on 2025-05-10 12:49:53 CEST.

Flavor Version Tinstall Tcheck Ttotal Status Flags
r-devel-linux-x86_64-debian-clang 1.5.1 2.79 29.15 31.94 NOTE
r-devel-linux-x86_64-debian-gcc 1.5.1 2.03 22.44 24.47 NOTE
r-devel-linux-x86_64-fedora-clang 1.5.1 47.60 OK
r-devel-linux-x86_64-fedora-gcc 1.5.1 47.29 OK
r-devel-windows-x86_64 1.5.1 4.00 61.00 65.00 OK
r-patched-linux-x86_64 1.5.1 2.78 26.71 29.49 OK
r-release-linux-x86_64 1.5.1 1.94 26.60 28.54 OK
r-release-macos-arm64 1.5.1 19.00 OK
r-release-macos-x86_64 1.5.1 30.00 OK
r-release-windows-x86_64 1.5.1 5.00 50.00 55.00 OK
r-oldrel-macos-arm64 1.5.1 18.00 OK
r-oldrel-macos-x86_64 1.5.1 28.00 OK
r-oldrel-windows-x86_64 1.5.1 5.00 55.00 60.00 OK

Check Details

Version: 1.5.1
Check: CRAN incoming feasibility
Result: NOTE Maintainer: ‘Ryan M. Hope <rmh3093@gmail.com>’ No Authors@R field in DESCRIPTION. Please add one, modifying Authors@R: person(given = c("Ryan", "M."), family = "Hope", role = c("aut", "cre"), email = "rmh3093@gmail.com") as necessary. Flavors: r-devel-linux-x86_64-debian-clang, r-devel-linux-x86_64-debian-gcc