Last updated on 2024-05-28 12:56:27 CEST.
Flavor | Version | Tinstall | Tcheck | Ttotal | Status | Flags |
---|---|---|---|---|---|---|
r-devel-linux-x86_64-debian-clang | 1.0.2 | 2.23 | 25.13 | 27.36 | NOTE | |
r-devel-linux-x86_64-debian-gcc | 1.0.2 | 1.89 | 19.45 | 21.34 | NOTE | |
r-devel-linux-x86_64-fedora-clang | 1.0.2 | 35.20 | NOTE | |||
r-devel-linux-x86_64-fedora-gcc | 1.0.2 | 33.91 | NOTE | |||
r-devel-windows-x86_64 | 1.0.2 | 3.00 | 49.00 | 52.00 | OK | |
r-patched-linux-x86_64 | 1.0.2 | 3.74 | 23.60 | 27.34 | NOTE | |
r-release-linux-x86_64 | 1.0.2 | 2.21 | 24.38 | 26.59 | NOTE | |
r-release-macos-arm64 | 1.0.2 | 14.00 | OK | |||
r-release-windows-x86_64 | 1.0.2 | 3.00 | 47.00 | 50.00 | OK | |
r-oldrel-macos-arm64 | 1.0.2 | 16.00 | OK | |||
r-oldrel-macos-x86_64 | 1.0.2 | 21.00 | OK | |||
r-oldrel-windows-x86_64 | 1.0.2 | 3.00 | 51.00 | 54.00 | OK |
Version: 1.0.2
Check: for non-standard things in the check directory
Result: NOTE
Found the following files/directories:
‘B110711CD4.CSV’ ‘inputparam2.txt’ ‘itcout0.pdf’ ‘itcout1.eps’
‘origin_data.csv’
Flavors: r-devel-linux-x86_64-debian-clang, r-devel-linux-x86_64-debian-gcc, r-devel-linux-x86_64-fedora-clang, r-devel-linux-x86_64-fedora-gcc, r-patched-linux-x86_64, r-release-linux-x86_64