Last updated on 2025-05-10 20:49:51 CEST.
Flavor | Version | Tinstall | Tcheck | Ttotal | Status | Flags |
---|---|---|---|---|---|---|
r-devel-linux-x86_64-debian-clang | 1.0.1 | 11.86 | 117.81 | 129.67 | NOTE | |
r-devel-linux-x86_64-debian-gcc | 1.0.1 | 6.90 | 77.35 | 84.25 | NOTE | |
r-devel-linux-x86_64-fedora-clang | 1.0.1 | 152.97 | NOTE | |||
r-devel-linux-x86_64-fedora-gcc | 1.0.1 | 150.04 | NOTE | |||
r-devel-windows-x86_64 | 1.0.1 | 11.00 | 107.00 | 118.00 | NOTE | |
r-patched-linux-x86_64 | 1.0.1 | 12.47 | 121.28 | 133.75 | NOTE | |
r-release-linux-x86_64 | 1.0.1 | 11.61 | 111.92 | 123.53 | NOTE | |
r-release-macos-arm64 | 1.0.1 | 59.00 | NOTE | |||
r-release-macos-x86_64 | 1.0.1 | 93.00 | NOTE | |||
r-release-windows-x86_64 | 1.0.1 | 12.00 | 111.00 | 123.00 | NOTE | |
r-oldrel-macos-arm64 | 1.0.1 | 66.00 | OK | |||
r-oldrel-macos-x86_64 | 1.0.1 | 161.00 | OK | |||
r-oldrel-windows-x86_64 | 1.0.1 | 15.00 | 136.00 | 151.00 | OK |
Version: 1.0.1
Check: DESCRIPTION meta-information
Result: NOTE
Missing dependency on R >= 4.1.0 because package code uses the pipe
|> or function shorthand \(...) syntax added in R 4.1.0.
File(s) using such syntax:
‘Require2.R’ ‘helpers.R’ ‘pak.R’ ‘pkgDep3.R’
Flavors: r-devel-linux-x86_64-debian-clang, r-devel-linux-x86_64-debian-gcc, r-devel-linux-x86_64-fedora-clang, r-devel-linux-x86_64-fedora-gcc, r-devel-windows-x86_64, r-patched-linux-x86_64, r-release-linux-x86_64, r-release-macos-arm64, r-release-macos-x86_64, r-release-windows-x86_64