Last updated on 2025-05-10 16:52:39 CEST.
Flavor | Version | Tinstall | Tcheck | Ttotal | Status | Flags |
---|---|---|---|---|---|---|
r-devel-linux-x86_64-debian-clang | 0.1.2 | 3.65 | 34.10 | 37.75 | OK | |
r-devel-linux-x86_64-debian-gcc | 0.1.2 | 3.02 | 25.31 | 28.33 | OK | |
r-devel-linux-x86_64-fedora-clang | 0.1.2 | 58.68 | NOTE | |||
r-devel-linux-x86_64-fedora-gcc | 0.1.2 | 55.63 | NOTE | |||
r-devel-windows-x86_64 | 0.1.2 | 6.00 | 49.00 | 55.00 | OK | |
r-patched-linux-x86_64 | 0.1.2 | 3.96 | 31.78 | 35.74 | OK | |
r-release-linux-x86_64 | 0.1.2 | 3.75 | 32.04 | 35.79 | OK | |
r-release-macos-arm64 | 0.1.2 | 22.00 | OK | |||
r-release-macos-x86_64 | 0.1.2 | 38.00 | OK | |||
r-release-windows-x86_64 | 0.1.2 | 6.00 | 52.00 | 58.00 | OK | |
r-oldrel-macos-arm64 | 0.1.2 | 27.00 | OK | |||
r-oldrel-macos-x86_64 | 0.1.2 | 42.00 | OK | |||
r-oldrel-windows-x86_64 | 0.1.2 | 7.00 | 59.00 | 66.00 | OK |
Version: 0.1.2
Check: dependencies in R code
Result: NOTE
Namespace in Imports field not imported from: ‘tidyselect’
All declared Imports should be used.
Flavors: r-devel-linux-x86_64-fedora-clang, r-devel-linux-x86_64-fedora-gcc