CRAN Package Check Results for Package ReAD

Last updated on 2025-07-21 12:50:13 CEST.

Flavor Version Tinstall Tcheck Ttotal Status Flags
r-devel-linux-x86_64-debian-clang 1.0.1 27.85 45.17 73.02 NOTE
r-devel-linux-x86_64-debian-gcc 1.0.1 20.81 33.65 54.46 NOTE
r-devel-linux-x86_64-fedora-clang 1.0.1 126.67 NOTE
r-devel-linux-x86_64-fedora-gcc 1.0.1 120.70 NOTE
r-devel-windows-x86_64 1.0.1 34.00 79.00 113.00 NOTE
r-patched-linux-x86_64 1.0.1 28.38 42.64 71.02 NOTE
r-release-linux-x86_64 1.0.1 28.21 43.06 71.27 NOTE
r-release-macos-arm64 1.0.1 34.00 NOTE
r-release-macos-x86_64 1.0.1 62.00 NOTE
r-release-windows-x86_64 1.0.1 32.00 83.00 115.00 NOTE
r-oldrel-macos-arm64 1.0.1 33.00 NOTE
r-oldrel-macos-x86_64 1.0.1 44.00 NOTE
r-oldrel-windows-x86_64 1.0.1 41.00 162.00 203.00 NOTE

Check Details

Version: 1.0.1
Check: Rd files
Result: NOTE checkRd: (-1) ReAD.Rd:19: Lost braces; missing escapes or markup? 19 | \item{pi}{An estimate of the stationary probabilities of four states {(0,0), (0,1), (1,0), (1,1)}.} | ^ checkRd: (-1) em_hmm.Rd:22: Lost braces; missing escapes or markup? 22 | \item{pi}{An estimate of the stationary probabilities of four states {(0,0), (0,1), (1,0), (1,1)}.} | ^ Flavors: r-devel-linux-x86_64-debian-clang, r-devel-linux-x86_64-debian-gcc, r-devel-linux-x86_64-fedora-clang, r-devel-linux-x86_64-fedora-gcc, r-devel-windows-x86_64, r-patched-linux-x86_64, r-release-linux-x86_64, r-release-macos-arm64, r-release-macos-x86_64, r-release-windows-x86_64, r-oldrel-macos-arm64, r-oldrel-macos-x86_64, r-oldrel-windows-x86_64