CRAN Package Check Results for Package Rduino

Last updated on 2025-05-10 01:51:34 CEST.

Flavor Version Tinstall Tcheck Ttotal Status Flags
r-devel-linux-x86_64-debian-clang 0.1 1.55 19.44 20.99 NOTE
r-devel-linux-x86_64-debian-gcc 0.1 1.66 15.83 17.49 NOTE
r-devel-linux-x86_64-fedora-clang 0.1 33.47 OK
r-devel-linux-x86_64-fedora-gcc 0.1 33.20 OK
r-devel-windows-x86_64 0.1 3.00 42.00 45.00 OK
r-patched-linux-x86_64 0.1 2.07 18.77 20.84 OK
r-release-linux-x86_64 0.1 1.82 18.90 20.72 OK
r-release-macos-arm64 0.1 21.00 OK
r-release-macos-x86_64 0.1 29.00 OK
r-release-windows-x86_64 0.1 3.00 43.00 46.00 OK
r-oldrel-macos-arm64 0.1 18.00 OK
r-oldrel-macos-x86_64 0.1 27.00 OK
r-oldrel-windows-x86_64 0.1 3.00 46.00 49.00 OK

Check Details

Version: 0.1
Check: CRAN incoming feasibility
Result: NOTE Maintainer: ‘Peter Hoff <peter.hoff@duke.edu>’ No Authors@R field in DESCRIPTION. Please add one, modifying Authors@R: c(person(given = "Chris", family = "Suh", role = "aut"), person(given = "Peter", family = "Hoff", role = c("aut", "cre"), email = "peter.hoff@duke.edu")) as necessary. Flavors: r-devel-linux-x86_64-debian-clang, r-devel-linux-x86_64-debian-gcc