Last updated on 2025-05-10 16:52:38 CEST.
Flavor | Version | Tinstall | Tcheck | Ttotal | Status | Flags |
---|---|---|---|---|---|---|
r-devel-linux-x86_64-debian-clang | 1.0.1 | 8.29 | 63.66 | 71.95 | NOTE | |
r-devel-linux-x86_64-debian-gcc | 1.0.1 | 6.26 | 47.46 | 53.72 | NOTE | |
r-devel-linux-x86_64-fedora-clang | 1.0.1 | 109.74 | OK | |||
r-devel-linux-x86_64-fedora-gcc | 1.0.1 | 109.57 | OK | |||
r-devel-windows-x86_64 | 1.0.1 | 8.00 | 77.00 | 85.00 | OK | |
r-patched-linux-x86_64 | 1.0.1 | 7.11 | 59.95 | 67.06 | OK | |
r-release-linux-x86_64 | 1.0.1 | 7.67 | 60.89 | 68.56 | OK | |
r-release-macos-arm64 | 1.0.1 | 33.00 | OK | |||
r-release-macos-x86_64 | 1.0.1 | 55.00 | OK | |||
r-release-windows-x86_64 | 1.0.1 | 8.00 | 80.00 | 88.00 | OK | |
r-oldrel-macos-arm64 | 1.0.1 | 33.00 | OK | |||
r-oldrel-macos-x86_64 | 1.0.1 | 45.00 | OK | |||
r-oldrel-windows-x86_64 | 1.0.1 | 10.00 | 90.00 | 100.00 | OK |
Version: 1.0.1
Check: CRAN incoming feasibility
Result: NOTE
Maintainer: ‘Hyungsuk Tak <hyungsuk.tak@gmail.com>’
No Authors@R field in DESCRIPTION.
Please add one, modifying
Authors@R: c(person(given = "Hyungsuk",
family = "Tak",
role = c("aut", "cre"),
email = "hyungsuk.tak@gmail.com"),
person(given = "Kisung",
family = "You",
role = "aut"),
person(given = c("Sujit", "K."),
family = "Ghosh",
role = "aut"),
person(given = "Bingyue",
family = "Su",
role = "aut"))
as necessary.
Flavors: r-devel-linux-x86_64-debian-clang, r-devel-linux-x86_64-debian-gcc