Last updated on 2025-05-10 16:52:38 CEST.
Flavor | Version | Tinstall | Tcheck | Ttotal | Status | Flags |
---|---|---|---|---|---|---|
r-devel-linux-x86_64-debian-clang | 4.8.2 | 20.19 | 162.93 | 183.12 | NOTE | |
r-devel-linux-x86_64-debian-gcc | 4.8.2 | 16.23 | 122.46 | 138.69 | NOTE | |
r-devel-linux-x86_64-fedora-clang | 4.8.2 | 312.86 | OK | |||
r-devel-linux-x86_64-fedora-gcc | 4.8.2 | 314.18 | OK | |||
r-devel-windows-x86_64 | 4.8.2 | 27.00 | 271.00 | 298.00 | OK | |
r-patched-linux-x86_64 | 4.8.2 | 19.52 | 154.02 | 173.54 | OK | |
r-release-linux-x86_64 | 4.8.2 | 19.21 | 154.83 | 174.04 | OK | |
r-release-macos-arm64 | 4.8.2 | 107.00 | OK | |||
r-release-macos-x86_64 | 4.8.2 | 174.00 | OK | |||
r-release-windows-x86_64 | 4.8.2 | 19.00 | 160.00 | 179.00 | OK | |
r-oldrel-macos-arm64 | 4.8.2 | 104.00 | OK | |||
r-oldrel-macos-x86_64 | 4.8.2 | 139.00 | OK | |||
r-oldrel-windows-x86_64 | 4.8.2 | 22.00 | 187.00 | 209.00 | OK |
Version: 4.8.2
Check: CRAN incoming feasibility
Result: NOTE
Maintainer: ‘Manuel Munoz-Marquez <manuel.munoz@uca.es>’
No Authors@R field in DESCRIPTION.
Please add one, modifying
Authors@R: person(given = "Manuel",
family = "Munoz-Marquez",
role = c("aut", "cre"),
email = "manuel.munoz@uca.es")
as necessary.
Flavors: r-devel-linux-x86_64-debian-clang, r-devel-linux-x86_64-debian-gcc